Last updated on 2024-05-04 09:49:31 CEST.
Flavor | Version | Tinstall | Tcheck | Ttotal | Status | Flags |
---|---|---|---|---|---|---|
r-devel-linux-x86_64-debian-clang | 0.1.3 | 10.18 | 111.81 | 121.99 | OK | |
r-devel-linux-x86_64-debian-gcc | 0.1.3 | 7.61 | 83.08 | 90.69 | OK | |
r-devel-linux-x86_64-fedora-clang | 0.1.3 | 155.66 | NOTE | |||
r-devel-linux-x86_64-fedora-gcc | 0.1.3 | 186.07 | NOTE | |||
r-devel-windows-x86_64 | 0.1.3 | 12.00 | 101.00 | 113.00 | OK | |
r-patched-linux-x86_64 | 0.1.3 | 10.11 | 108.24 | 118.35 | OK | |
r-release-linux-x86_64 | 0.1.3 | 10.00 | 106.90 | 116.90 | OK | |
r-release-macos-arm64 | 0.1.3 | 48.00 | OK | |||
r-release-windows-x86_64 | 0.1.3 | 10.00 | 100.00 | 110.00 | OK | |
r-oldrel-macos-arm64 | 0.1.3 | 47.00 | OK | |||
r-oldrel-macos-x86_64 | 0.1.3 | 123.00 | OK | |||
r-oldrel-windows-x86_64 | 0.1.3 | 14.00 | 116.00 | 130.00 | OK |
Version: 0.1.3
Check: dependencies in R code
Result: NOTE
Namespace in Imports field not imported from: ‘MPV’
All declared Imports should be used.
Flavors: r-devel-linux-x86_64-fedora-clang, r-devel-linux-x86_64-fedora-gcc