Last updated on 2024-05-04 09:49:31 CEST.
Flavor | Version | Tinstall | Tcheck | Ttotal | Status | Flags |
---|---|---|---|---|---|---|
r-devel-linux-x86_64-debian-clang | 0.1.2 | 46.72 | 70.50 | 117.22 | NOTE | |
r-devel-linux-x86_64-debian-gcc | 0.1.2 | 36.17 | 53.46 | 89.63 | NOTE | |
r-devel-linux-x86_64-fedora-clang | 0.1.2 | 162.54 | NOTE | |||
r-devel-linux-x86_64-fedora-gcc | 0.1.2 | 179.73 | NOTE | |||
r-devel-windows-x86_64 | 0.1.2 | 38.00 | 84.00 | 122.00 | NOTE | |
r-patched-linux-x86_64 | 0.1.2 | 38.56 | 67.49 | 106.05 | NOTE | |
r-release-linux-x86_64 | 0.1.2 | 45.44 | 68.98 | 114.42 | NOTE | |
r-release-macos-arm64 | 0.1.2 | 44.00 | NOTE | |||
r-release-windows-x86_64 | 0.1.2 | 37.00 | 87.00 | 124.00 | NOTE | |
r-oldrel-macos-arm64 | 0.1.2 | 48.00 | NOTE | |||
r-oldrel-macos-x86_64 | 0.1.2 | 74.00 | NOTE | |||
r-oldrel-windows-x86_64 | 0.1.2 | 45.00 | 103.00 | 148.00 | NOTE |
Version: 0.1.2
Check: C++ specification
Result: NOTE
Specified C++11: please drop specification unless essential
Flavors: r-devel-linux-x86_64-debian-clang, r-devel-linux-x86_64-debian-gcc, r-devel-linux-x86_64-fedora-clang, r-devel-linux-x86_64-fedora-gcc, r-devel-windows-x86_64, r-patched-linux-x86_64, r-release-linux-x86_64, r-release-macos-arm64, r-release-windows-x86_64, r-oldrel-macos-arm64, r-oldrel-macos-x86_64, r-oldrel-windows-x86_64
Version: 0.1.2
Check: dependencies in R code
Result: NOTE
Namespace in Imports field not imported from: ‘MASS’
All declared Imports should be used.
Flavors: r-devel-linux-x86_64-fedora-clang, r-devel-linux-x86_64-fedora-gcc