Last updated on 2024-05-04 09:49:31 CEST.
Flavor | Version | Tinstall | Tcheck | Ttotal | Status | Flags |
---|---|---|---|---|---|---|
r-devel-linux-x86_64-debian-clang | 0.1.3 | 49.75 | 37.31 | 87.06 | NOTE | |
r-devel-linux-x86_64-debian-gcc | 0.1.3 | 37.45 | 27.59 | 65.04 | NOTE | |
r-devel-linux-x86_64-fedora-clang | 0.1.3 | 113.97 | NOTE | |||
r-devel-linux-x86_64-fedora-gcc | 0.1.3 | 135.03 | NOTE | |||
r-devel-windows-x86_64 | 0.1.3 | 40.00 | 68.00 | 108.00 | NOTE | |
r-patched-linux-x86_64 | 0.1.3 | 50.99 | 35.31 | 86.30 | NOTE | |
r-release-linux-x86_64 | 0.1.3 | 52.13 | 34.89 | 87.02 | NOTE | |
r-release-macos-arm64 | 0.1.3 | 29.00 | NOTE | |||
r-release-windows-x86_64 | 0.1.3 | 39.00 | 74.00 | 113.00 | NOTE | |
r-oldrel-macos-arm64 | 0.1.3 | 32.00 | NOTE | |||
r-oldrel-macos-x86_64 | 0.1.3 | 45.00 | NOTE | |||
r-oldrel-windows-x86_64 | 0.1.3 | 46.00 | 78.00 | 124.00 | NOTE |
Version: 0.1.3
Check: C++ specification
Result: NOTE
Specified C++11: please drop specification unless essential
Flavors: r-devel-linux-x86_64-debian-clang, r-devel-linux-x86_64-debian-gcc, r-devel-linux-x86_64-fedora-clang, r-devel-linux-x86_64-fedora-gcc, r-devel-windows-x86_64, r-patched-linux-x86_64, r-release-linux-x86_64, r-release-macos-arm64, r-release-windows-x86_64, r-oldrel-macos-arm64, r-oldrel-macos-x86_64, r-oldrel-windows-x86_64
Version: 0.1.3
Check: Rd files
Result: NOTE
checkRd: (-1) conversion.Rd:66-67: Lost braces in \itemize; meant \describe ?
checkRd: (-1) conversion.Rd:68-69: Lost braces in \itemize; meant \describe ?
checkRd: (-1) conversion.Rd:70-72: Lost braces in \itemize; meant \describe ?
checkRd: (-1) conversion.Rd:72-74: Lost braces in \itemize; meant \describe ?
checkRd: (-1) conversion.Rd:75-76: Lost braces in \itemize; meant \describe ?
checkRd: (-1) tools.Rd:103-104: Lost braces in \itemize; meant \describe ?
checkRd: (-1) tools.Rd:105-106: Lost braces in \itemize; meant \describe ?
checkRd: (-1) tools.Rd:107-109: Lost braces in \itemize; meant \describe ?
checkRd: (-1) tools.Rd:109-111: Lost braces in \itemize; meant \describe ?
checkRd: (-1) tools.Rd:112-113: Lost braces in \itemize; meant \describe ?
Flavors: r-devel-linux-x86_64-debian-clang, r-devel-linux-x86_64-debian-gcc, r-devel-linux-x86_64-fedora-clang, r-devel-linux-x86_64-fedora-gcc, r-devel-windows-x86_64, r-patched-linux-x86_64, r-release-linux-x86_64, r-release-macos-arm64, r-release-windows-x86_64
Version: 0.1.3
Check: LazyData
Result: NOTE
'LazyData' is specified without a 'data' directory
Flavors: r-devel-linux-x86_64-debian-clang, r-devel-linux-x86_64-debian-gcc, r-devel-linux-x86_64-fedora-clang, r-devel-linux-x86_64-fedora-gcc, r-devel-windows-x86_64, r-patched-linux-x86_64, r-release-linux-x86_64, r-release-macos-arm64, r-release-windows-x86_64, r-oldrel-macos-arm64, r-oldrel-macos-x86_64, r-oldrel-windows-x86_64