Last updated on 2024-05-04 13:49:02 CEST.
Flavor | Version | Tinstall | Tcheck | Ttotal | Status | Flags |
---|---|---|---|---|---|---|
r-devel-linux-x86_64-debian-clang | 2.0.13 | 240.02 | 514.48 | 754.50 | NOTE | |
r-devel-linux-x86_64-debian-gcc | 2.0.13 | 197.53 | 371.80 | 569.33 | NOTE | |
r-devel-linux-x86_64-fedora-clang | 2.0.13 | 985.97 | NOTE | |||
r-devel-linux-x86_64-fedora-gcc | 2.0.13 | 1055.81 | NOTE | |||
r-devel-windows-x86_64 | 2.0.13 | 186.00 | 442.00 | 628.00 | NOTE | |
r-patched-linux-x86_64 | 2.0.13 | 265.73 | 472.02 | 737.75 | OK | |
r-release-linux-x86_64 | 2.0.13 | 252.94 | 481.34 | 734.28 | OK | |
r-release-macos-arm64 | 2.0.13 | 275.00 | NOTE | |||
r-release-macos-x86_64 | 2.0.13 | 716.00 | NOTE | |||
r-release-windows-x86_64 | 2.0.13 | 195.00 | 439.00 | 634.00 | NOTE | |
r-oldrel-macos-arm64 | 2.0.13 | 274.00 | NOTE | |||
r-oldrel-macos-x86_64 | 2.0.13 | 698.00 | NOTE | |||
r-oldrel-windows-x86_64 | 2.0.13 | 200.00 | 545.00 | 745.00 | NOTE |
Version: 2.0.13
Check: compiled code
Result: NOTE
File ‘collapse/libs/collapse.so’:
Found non-API calls to R: ‘SETLENGTH’, ‘SET_ENVFLAGS’,
‘SET_S4_OBJECT’, ‘SET_TRUELENGTH’, ‘UNSET_S4_OBJECT’
Compiled code should not call non-API entry points in R.
See ‘Writing portable packages’ in the ‘Writing R Extensions’ manual.
Flavors: r-devel-linux-x86_64-debian-clang, r-devel-linux-x86_64-debian-gcc, r-devel-linux-x86_64-fedora-clang, r-devel-linux-x86_64-fedora-gcc
Version: 2.0.13
Check: installed package size
Result: NOTE
installed size is 5.2Mb
sub-directories of 1Mb or more:
R 1.1Mb
libs 2.4Mb
Flavors: r-devel-windows-x86_64, r-release-macos-arm64, r-release-macos-x86_64, r-release-windows-x86_64, r-oldrel-macos-arm64, r-oldrel-macos-x86_64, r-oldrel-windows-x86_64
Version: 2.0.13
Check: compiled code
Result: NOTE
File 'collapse/libs/x64/collapse.dll':
Found non-API calls to R: 'SETLENGTH', 'SET_ENVFLAGS',
'SET_S4_OBJECT', 'SET_TRUELENGTH', 'UNSET_S4_OBJECT'
Compiled code should not call non-API entry points in R.
See 'Writing portable packages' in the 'Writing R Extensions' manual.
Flavor: r-devel-windows-x86_64