Last updated on 2024-05-04 13:49:02 CEST.
Flavor | Version | Tinstall | Tcheck | Ttotal | Status | Flags |
---|---|---|---|---|---|---|
r-devel-linux-x86_64-debian-clang | 0.1.3 | 9.20 | 51.22 | 60.42 | OK | |
r-devel-linux-x86_64-debian-gcc | 0.1.3 | 6.74 | 40.16 | 46.90 | OK | |
r-devel-linux-x86_64-fedora-clang | 0.1.3 | 77.12 | NOTE | |||
r-devel-linux-x86_64-fedora-gcc | 0.1.3 | 84.88 | NOTE | |||
r-devel-windows-x86_64 | 0.1.3 | 11.00 | 63.00 | 74.00 | OK | |
r-patched-linux-x86_64 | 0.1.3 | 6.08 | 49.25 | 55.33 | OK | |
r-release-linux-x86_64 | 0.1.3 | 8.65 | 50.27 | 58.92 | OK | |
r-release-macos-arm64 | 0.1.3 | 28.00 | OK | |||
r-release-windows-x86_64 | 0.1.3 | 8.00 | 63.00 | 71.00 | OK | |
r-oldrel-macos-arm64 | 0.1.3 | 29.00 | OK | |||
r-oldrel-macos-x86_64 | 0.1.3 | 43.00 | OK | |||
r-oldrel-windows-x86_64 | 0.1.3 | 11.00 | 67.00 | 78.00 | OK |
Version: 0.1.3
Check: data for non-ASCII characters
Result: NOTE
Note: found 4186 marked UTF-8 strings
Flavors: r-devel-linux-x86_64-fedora-clang, r-devel-linux-x86_64-fedora-gcc