Last updated on 2024-05-04 09:49:31 CEST.
Flavor | Version | Tinstall | Tcheck | Ttotal | Status | Flags |
---|---|---|---|---|---|---|
r-devel-linux-x86_64-debian-clang | 0.1.2 | 11.94 | 144.68 | 156.62 | OK | |
r-devel-linux-x86_64-debian-gcc | 0.1.2 | 10.09 | 101.50 | 111.59 | OK | |
r-devel-linux-x86_64-fedora-clang | 0.1.2 | 204.59 | OK | |||
r-devel-linux-x86_64-fedora-gcc | 0.1.2 | 193.45 | OK | |||
r-devel-windows-x86_64 | 0.1.2 | 13.00 | 120.00 | 133.00 | OK | |
r-patched-linux-x86_64 | 0.1.2 | 11.35 | 134.13 | 145.48 | OK | |
r-release-linux-x86_64 | 0.1.2 | 9.14 | 130.49 | 139.63 | OK | |
r-release-macos-arm64 | 0.1.2 | 58.00 | OK | |||
r-release-windows-x86_64 | 0.1.2 | 11.00 | 119.00 | 130.00 | OK | |
r-oldrel-macos-arm64 | 0.1.2 | 66.00 | OK | |||
r-oldrel-macos-x86_64 | 0.1.2 | 93.00 | NOTE | |||
r-oldrel-windows-x86_64 | 0.1.2 | 15.00 | 137.00 | 152.00 | OK |
Version: 0.1.2
Check: package dependencies
Result: NOTE
Packages suggested but not available for checking:
'scagnostics', 'parsnip', 'C50', 'bartMachine', 'caret'
Flavor: r-oldrel-macos-x86_64