Last updated on 2024-05-04 13:49:02 CEST.
Flavor | Version | Tinstall | Tcheck | Ttotal | Status | Flags |
---|---|---|---|---|---|---|
r-devel-linux-x86_64-debian-clang | 1.3.3 | 225.74 | 83.98 | 309.72 | OK | |
r-devel-linux-x86_64-debian-gcc | 1.3.3 | 175.73 | 66.56 | 242.29 | OK | |
r-devel-linux-x86_64-fedora-clang | 1.3.3 | 417.14 | OK | |||
r-devel-linux-x86_64-fedora-gcc | 1.3.3 | 473.26 | OK | |||
r-devel-windows-x86_64 | 1.3.3 | 159.00 | 104.00 | 263.00 | OK | |
r-patched-linux-x86_64 | 1.3.3 | 204.50 | 86.81 | 291.31 | OK | |
r-release-linux-x86_64 | 1.3.3 | 207.84 | 84.10 | 291.94 | OK | |
r-release-macos-arm64 | 1.3.3 | 92.00 | NOTE | |||
r-release-windows-x86_64 | 1.3.3 | 156.00 | 101.00 | 257.00 | OK | |
r-oldrel-macos-arm64 | 1.3.3 | 113.00 | NOTE | |||
r-oldrel-macos-x86_64 | 1.3.3 | 203.00 | NOTE | |||
r-oldrel-windows-x86_64 | 1.3.3 | 193.00 | 124.00 | 317.00 | OK |
Version: 1.3.3
Check: installed package size
Result: NOTE
installed size is 19.7Mb
sub-directories of 1Mb or more:
libs 19.4Mb
Flavors: r-release-macos-arm64, r-oldrel-macos-arm64, r-oldrel-macos-x86_64