Last updated on 2024-05-04 13:49:02 CEST.
Flavor | Version | Tinstall | Tcheck | Ttotal | Status | Flags |
---|---|---|---|---|---|---|
r-devel-linux-x86_64-debian-clang | 0.2.2 | 5.30 | 51.64 | 56.94 | OK | |
r-devel-linux-x86_64-debian-gcc | 0.2.2 | 5.04 | 38.90 | 43.94 | OK | |
r-devel-linux-x86_64-fedora-clang | 0.2.2 | 94.25 | NOTE | |||
r-devel-linux-x86_64-fedora-gcc | 0.2.2 | 115.59 | NOTE | |||
r-devel-windows-x86_64 | 0.2.2 | 7.00 | 405.00 | 412.00 | OK | |
r-patched-linux-x86_64 | 0.2.2 | 4.82 | 48.85 | 53.67 | OK | |
r-release-linux-x86_64 | 0.2.2 | 5.29 | 49.67 | 54.96 | OK | |
r-release-macos-arm64 | 0.2.2 | 32.00 | OK | |||
r-release-windows-x86_64 | 0.2.2 | 7.00 | 183.00 | 190.00 | OK | |
r-oldrel-macos-arm64 | 0.2.2 | 32.00 | OK | |||
r-oldrel-macos-x86_64 | 0.2.2 | 48.00 | OK | |||
r-oldrel-windows-x86_64 | 0.2.2 | 8.00 | 137.00 | 145.00 | OK |
Version: 0.2.2
Check: data for non-ASCII characters
Result: NOTE
Note: found 3 marked UTF-8 strings
Flavors: r-devel-linux-x86_64-fedora-clang, r-devel-linux-x86_64-fedora-gcc