Last updated on 2024-05-04 09:49:31 CEST.
Flavor | Version | Tinstall | Tcheck | Ttotal | Status | Flags |
---|---|---|---|---|---|---|
r-devel-linux-x86_64-debian-clang | 0.1.8 | 0.45 | 2.09 | 2.54 | ERROR | |
r-devel-linux-x86_64-debian-gcc | 0.1.8 | 18.65 | 169.72 | 188.37 | OK | |
r-devel-linux-x86_64-fedora-clang | 0.1.8 | 342.99 | OK | |||
r-devel-linux-x86_64-fedora-gcc | 0.1.8 | 303.79 | OK | |||
r-devel-windows-x86_64 | 0.1.8 | 24.00 | 162.00 | 186.00 | OK | |
r-patched-linux-x86_64 | 0.1.8 | 15.59 | 219.83 | 235.42 | OK | |
r-release-linux-x86_64 | 0.1.8 | 16.46 | 221.52 | 237.98 | OK | |
r-release-macos-arm64 | 0.1.8 | 5.00 | ERROR | |||
r-release-macos-x86_64 | 0.1.8 | 166.00 | OK | |||
r-release-windows-x86_64 | 0.1.8 | 23.00 | 166.00 | 189.00 | OK | |
r-oldrel-macos-arm64 | 0.1.8 | 88.00 | OK | |||
r-oldrel-macos-x86_64 | 0.1.8 | 6.00 | ERROR | |||
r-oldrel-windows-x86_64 | 0.1.8 | 30.00 | 209.00 | 239.00 | OK |
Version: 0.1.8
Check: package dependencies
Result: ERROR
Packages required but not available:
'AnnotationDbi', 'org.Hs.eg.db', 'org.Mm.eg.db', 'biomaRt'
See section ‘The DESCRIPTION file’ in the ‘Writing R Extensions’
manual.
Flavor: r-devel-linux-x86_64-debian-clang
Version: 0.1.8
Check: package dependencies
Result: ERROR
Package required but not available: ‘org.Mm.eg.db’
See section ‘The DESCRIPTION file’ in the ‘Writing R Extensions’
manual.
Flavors: r-release-macos-arm64, r-oldrel-macos-x86_64