Last updated on 2024-05-04 13:49:02 CEST.
Flavor | Version | Tinstall | Tcheck | Ttotal | Status | Flags |
---|---|---|---|---|---|---|
r-devel-linux-x86_64-debian-clang | 0.8.4 | 7.25 | 205.83 | 213.08 | OK | |
r-devel-linux-x86_64-debian-gcc | 0.8.4 | 5.22 | 152.02 | 157.24 | OK | |
r-devel-linux-x86_64-fedora-clang | 0.8.4 | 267.49 | OK | |||
r-devel-linux-x86_64-fedora-gcc | 0.8.4 | 270.62 | OK | |||
r-devel-windows-x86_64 | 0.8.4 | 6.00 | 162.00 | 168.00 | OK | |
r-patched-linux-x86_64 | 0.8.4 | 6.64 | 193.78 | 200.42 | OK | |
r-release-linux-x86_64 | 0.8.4 | 4.26 | 198.00 | 202.26 | NOTE | |
r-release-macos-arm64 | 0.8.4 | 76.00 | OK | |||
r-release-windows-x86_64 | 0.8.4 | 6.00 | 164.00 | 170.00 | OK | |
r-oldrel-macos-arm64 | 0.8.4 | 74.00 | OK | |||
r-oldrel-macos-x86_64 | 0.8.4 | 153.00 | NOTE | |||
r-oldrel-windows-x86_64 | 0.8.4 | 7.00 | 202.00 | 209.00 | OK |
Version: 0.8.4
Check: package dependencies
Result: NOTE
Package suggested but not available for checking: ‘rstanarm’
Flavors: r-release-linux-x86_64, r-oldrel-macos-x86_64