Last updated on 2024-05-02 21:52:40 CEST.
Flavor | Version | Tinstall | Tcheck | Ttotal | Status | Flags |
---|---|---|---|---|---|---|
r-devel-linux-x86_64-debian-clang | 1.6.0 | 5.12 | 94.59 | 99.71 | OK | |
r-devel-linux-x86_64-debian-gcc | 1.6.0 | 3.60 | 65.91 | 69.51 | OK | |
r-devel-linux-x86_64-fedora-clang | 1.6.0 | 119.93 | NOTE | |||
r-devel-linux-x86_64-fedora-gcc | 1.6.0 | 113.13 | NOTE | |||
r-devel-windows-x86_64 | 1.6.0 | 5.00 | 140.00 | 145.00 | OK | |
r-patched-linux-x86_64 | 1.6.0 | 4.71 | 89.79 | 94.50 | OK | |
r-release-linux-x86_64 | 1.6.0 | 4.17 | 88.31 | 92.48 | OK | |
r-release-macos-arm64 | 1.6.0 | 38.00 | OK | |||
r-release-macos-x86_64 | 1.6.0 | 126.00 | OK | |||
r-release-windows-x86_64 | 1.6.0 | 6.00 | 137.00 | 143.00 | OK | |
r-oldrel-macos-arm64 | 1.6.0 | 57.00 | OK | |||
r-oldrel-macos-x86_64 | 1.6.0 | 133.00 | OK | |||
r-oldrel-windows-x86_64 | 1.6.0 | 6.00 | 156.00 | 162.00 | OK |
Version: 1.6.0
Check: data for non-ASCII characters
Result: NOTE
Note: found 140280 marked UTF-8 strings
Flavors: r-devel-linux-x86_64-fedora-clang, r-devel-linux-x86_64-fedora-gcc