Last updated on 2024-05-04 09:49:32 CEST.
Flavor | Version | Tinstall | Tcheck | Ttotal | Status | Flags |
---|---|---|---|---|---|---|
r-devel-linux-x86_64-debian-clang | 0.1.0 | 2.32 | 29.89 | 32.21 | NOTE | |
r-devel-linux-x86_64-debian-gcc | 0.1.0 | 2.21 | 23.05 | 25.26 | NOTE | |
r-devel-linux-x86_64-fedora-clang | 0.1.0 | 41.58 | NOTE | |||
r-devel-linux-x86_64-fedora-gcc | 0.1.0 | 39.12 | NOTE | |||
r-devel-windows-x86_64 | 0.1.0 | 5.00 | 44.00 | 49.00 | OK | |
r-patched-linux-x86_64 | 0.1.0 | 2.85 | 29.04 | 31.89 | NOTE | |
r-release-linux-x86_64 | 0.1.0 | 2.76 | 29.72 | 32.48 | NOTE | |
r-release-macos-arm64 | 0.1.0 | 18.00 | OK | |||
r-release-windows-x86_64 | 0.1.0 | 3.00 | 44.00 | 47.00 | OK | |
r-oldrel-macos-arm64 | 0.1.0 | 18.00 | OK | |||
r-oldrel-macos-x86_64 | 0.1.0 | 24.00 | OK | |||
r-oldrel-windows-x86_64 | 0.1.0 | 5.00 | 44.00 | 49.00 | OK |
Version: 0.1.0
Check: for non-standard things in the check directory
Result: NOTE
Found the following files/directories:
‘covfefe_inauguration.txt’
Flavors: r-devel-linux-x86_64-debian-clang, r-devel-linux-x86_64-debian-gcc, r-devel-linux-x86_64-fedora-clang, r-devel-linux-x86_64-fedora-gcc, r-patched-linux-x86_64, r-release-linux-x86_64