Last updated on 2024-05-04 09:49:32 CEST.
Flavor | Version | Tinstall | Tcheck | Ttotal | Status | Flags |
---|---|---|---|---|---|---|
r-devel-linux-x86_64-debian-clang | 0.1.0 | 66.78 | 54.77 | 121.55 | OK | |
r-devel-linux-x86_64-debian-gcc | 0.1.0 | 70.37 | 43.53 | 113.90 | OK | |
r-devel-linux-x86_64-fedora-clang | 0.1.0 | 177.17 | NOTE | |||
r-devel-linux-x86_64-fedora-gcc | 0.1.0 | 175.29 | NOTE | |||
r-devel-windows-x86_64 | 0.1.0 | 65.00 | 63.00 | 128.00 | OK | |
r-patched-linux-x86_64 | 0.1.0 | 52.33 | 53.48 | 105.81 | OK | |
r-release-linux-x86_64 | 0.1.0 | 56.54 | 53.57 | 110.11 | OK | |
r-release-macos-arm64 | 0.1.0 | 70.00 | NOTE | |||
r-release-windows-x86_64 | 0.1.0 | 68.00 | 62.00 | 130.00 | OK | |
r-oldrel-macos-arm64 | 0.1.0 | 81.00 | NOTE | |||
r-oldrel-macos-x86_64 | 0.1.0 | 115.00 | NOTE | |||
r-oldrel-windows-x86_64 | 0.1.0 | 86.00 | 69.00 | 155.00 | OK |
Version: 0.1.0
Check: data for non-ASCII characters
Result: NOTE
Note: found 1934235 marked UTF-8 strings
Flavors: r-devel-linux-x86_64-fedora-clang, r-devel-linux-x86_64-fedora-gcc
Version: 0.1.0
Check: installed package size
Result: NOTE
installed size is 5.6Mb
sub-directories of 1Mb or more:
data 5.5Mb
Flavors: r-release-macos-arm64, r-oldrel-macos-arm64, r-oldrel-macos-x86_64