Last updated on 2024-05-04 09:49:32 CEST.
Flavor | Version | Tinstall | Tcheck | Ttotal | Status | Flags |
---|---|---|---|---|---|---|
r-devel-linux-x86_64-debian-clang | 0.5.2 | 9.61 | 196.97 | 206.58 | OK | |
r-devel-linux-x86_64-debian-gcc | 0.5.2 | 4.93 | 142.37 | 147.30 | OK | |
r-devel-linux-x86_64-fedora-clang | 0.5.2 | 245.29 | NOTE | |||
r-devel-linux-x86_64-fedora-gcc | 0.5.2 | 256.61 | NOTE | |||
r-devel-windows-x86_64 | 0.5.2 | 9.00 | 182.00 | 191.00 | OK | |
r-patched-linux-x86_64 | 0.5.2 | 6.43 | 184.24 | 190.67 | OK | |
r-release-linux-x86_64 | 0.5.2 | 6.39 | 187.59 | 193.98 | OK | |
r-release-macos-arm64 | 0.5.2 | 102.00 | OK | |||
r-release-windows-x86_64 | 0.5.2 | 9.00 | 181.00 | 190.00 | OK | |
r-oldrel-macos-arm64 | 0.5.2 | 95.00 | OK | |||
r-oldrel-macos-x86_64 | 0.5.2 | 200.00 | OK | |||
r-oldrel-windows-x86_64 | 0.5.2 | 11.00 | 223.00 | 234.00 | OK |
Version: 0.5.2
Check: data for non-ASCII characters
Result: NOTE
Note: found 20 marked UTF-8 strings
Flavors: r-devel-linux-x86_64-fedora-clang, r-devel-linux-x86_64-fedora-gcc