Last updated on 2024-05-04 13:49:03 CEST.
Flavor | Version | Tinstall | Tcheck | Ttotal | Status | Flags |
---|---|---|---|---|---|---|
r-devel-linux-x86_64-debian-clang | 2023.05.18 | 11.69 | 50.48 | 62.17 | OK | |
r-devel-linux-x86_64-debian-gcc | 2023.05.18 | 9.22 | 40.21 | 49.43 | OK | |
r-devel-linux-x86_64-fedora-clang | 2023.05.18 | 81.97 | NOTE | |||
r-devel-linux-x86_64-fedora-gcc | 2023.05.18 | 90.41 | NOTE | |||
r-devel-windows-x86_64 | 2023.05.18 | 11.00 | 60.00 | 71.00 | OK | |
r-patched-linux-x86_64 | 2023.05.18 | 10.84 | 49.78 | 60.62 | OK | |
r-release-linux-x86_64 | 2023.05.18 | 10.32 | 48.54 | 58.86 | OK | |
r-release-macos-arm64 | 2023.05.18 | 33.00 | OK | |||
r-release-windows-x86_64 | 2023.05.18 | 10.00 | 61.00 | 71.00 | OK | |
r-oldrel-macos-arm64 | 2023.05.18 | 37.00 | OK | |||
r-oldrel-macos-x86_64 | 2023.05.18 | 98.00 | OK | |||
r-oldrel-windows-x86_64 | 2023.05.18 | 10.00 | 64.00 | 74.00 | OK |
Version: 2023.05.18
Check: data for non-ASCII characters
Result: NOTE
Note: found 213180 marked UTF-8 strings
Flavors: r-devel-linux-x86_64-fedora-clang, r-devel-linux-x86_64-fedora-gcc