Last updated on 2024-05-04 09:49:32 CEST.
Flavor | Version | Tinstall | Tcheck | Ttotal | Status | Flags |
---|---|---|---|---|---|---|
r-devel-linux-x86_64-debian-clang | 1.2.1 | 189.65 | 80.31 | 269.96 | OK | |
r-devel-linux-x86_64-debian-gcc | 1.2.1 | 148.81 | 59.99 | 208.80 | OK | |
r-devel-linux-x86_64-fedora-clang | 1.2.1 | 386.33 | NOTE | |||
r-devel-linux-x86_64-fedora-gcc | 1.2.1 | 379.26 | NOTE | |||
r-devel-windows-x86_64 | 1.2.1 | 141.00 | 105.00 | 246.00 | OK | |
r-patched-linux-x86_64 | 1.2.1 | 188.16 | 77.53 | 265.69 | OK | |
r-release-linux-x86_64 | 1.2.1 | 189.92 | 77.25 | 267.17 | OK | |
r-release-macos-arm64 | 1.2.1 | 76.00 | NOTE | |||
r-release-windows-x86_64 | 1.2.1 | 136.00 | 105.00 | 241.00 | OK | |
r-oldrel-macos-arm64 | 1.2.1 | 90.00 | NOTE | |||
r-oldrel-macos-x86_64 | 1.2.1 | 155.00 | NOTE | |||
r-oldrel-windows-x86_64 | 1.2.1 | 169.00 | 127.00 | 296.00 | OK |
Version: 1.2.1
Check: compiled code
Result: NOTE
File ‘cqrReg/libs/cqrReg.so’:
Found no calls to: ‘R_registerRoutines’, ‘R_useDynamicSymbols’
It is good practice to register native routines and to disable symbol
search.
See ‘Writing portable packages’ in the ‘Writing R Extensions’ manual.
Flavors: r-devel-linux-x86_64-fedora-clang, r-devel-linux-x86_64-fedora-gcc
Version: 1.2.1
Check: installed package size
Result: NOTE
installed size is 6.9Mb
sub-directories of 1Mb or more:
libs 6.8Mb
Flavors: r-release-macos-arm64, r-oldrel-macos-arm64, r-oldrel-macos-x86_64