Last updated on 2024-05-04 09:49:32 CEST.
Flavor | Version | Tinstall | Tcheck | Ttotal | Status | Flags |
---|---|---|---|---|---|---|
r-devel-linux-x86_64-debian-clang | 2.3.0 | 156.86 | 66.30 | 223.16 | NOTE | |
r-devel-linux-x86_64-debian-gcc | 2.3.0 | 118.75 | 49.33 | 168.08 | NOTE | |
r-devel-linux-x86_64-fedora-clang | 2.3.0 | 323.71 | NOTE | |||
r-devel-linux-x86_64-fedora-gcc | 2.3.0 | 317.82 | NOTE | |||
r-devel-windows-x86_64 | 2.3.0 | 118.00 | 104.00 | 222.00 | NOTE | --no-vignettes |
r-patched-linux-x86_64 | 2.3.0 | 154.90 | 63.66 | 218.56 | NOTE | |
r-release-linux-x86_64 | 2.3.0 | 144.61 | 63.14 | 207.75 | NOTE | |
r-release-macos-arm64 | 2.3.0 | 64.00 | NOTE | |||
r-release-windows-x86_64 | 2.3.0 | 119.00 | 105.00 | 224.00 | NOTE | --no-vignettes |
r-oldrel-macos-arm64 | 2.3.0 | 77.00 | NOTE | |||
r-oldrel-macos-x86_64 | 2.3.0 | 125.00 | NOTE | |||
r-oldrel-windows-x86_64 | 2.3.0 | 149.00 | 108.00 | 257.00 | OK | --no-vignettes |
Version: 2.3.0
Check: Rd files
Result: NOTE
checkRd: (-1) crwPredict.Rd:54-68: Lost braces
54 | \item("predTime"){
| ^
checkRd: (-1) crwPredict.Rd:59: Lost braces
59 | no longer the default (see \item{return.type}). If the original data were
| ^
Flavors: r-devel-linux-x86_64-debian-clang, r-devel-linux-x86_64-debian-gcc, r-devel-linux-x86_64-fedora-clang, r-devel-linux-x86_64-fedora-gcc, r-patched-linux-x86_64, r-release-linux-x86_64, r-release-macos-arm64
Version: 2.3.0
Flags: --no-vignettes
Check: Rd files
Result: NOTE
checkRd: (-1) crwPredict.Rd:54-68: Lost braces
54 | \item("predTime"){
| ^
checkRd: (-1) crwPredict.Rd:59: Lost braces
59 | no longer the default (see \item{return.type}). If the original data were
| ^
Flavors: r-devel-windows-x86_64, r-release-windows-x86_64
Version: 2.3.0
Check: installed package size
Result: NOTE
installed size is 6.0Mb
sub-directories of 1Mb or more:
libs 5.2Mb
Flavors: r-release-macos-arm64, r-oldrel-macos-arm64, r-oldrel-macos-x86_64