Last updated on 2024-05-04 09:49:32 CEST.
Flavor | Version | Tinstall | Tcheck | Ttotal | Status | Flags |
---|---|---|---|---|---|---|
r-devel-linux-x86_64-debian-clang | 1.1.7 | 0.47 | 2.03 | 2.50 | ERROR | |
r-devel-linux-x86_64-debian-gcc | 1.1.7 | 5.75 | 45.95 | 51.70 | OK | |
r-devel-linux-x86_64-fedora-clang | 1.1.7 | 94.70 | NOTE | |||
r-devel-linux-x86_64-fedora-gcc | 1.1.7 | 83.28 | NOTE | |||
r-devel-windows-x86_64 | 1.1.7 | 7.00 | 66.00 | 73.00 | OK | |
r-patched-linux-x86_64 | 1.1.7 | 3.82 | 60.99 | 64.81 | OK | |
r-release-linux-x86_64 | 1.1.7 | 5.43 | 61.78 | 67.21 | OK | |
r-release-macos-arm64 | 1.1.7 | 29.00 | NOTE | |||
r-release-macos-x86_64 | 1.1.7 | 55.00 | NOTE | |||
r-release-windows-x86_64 | 1.1.7 | 7.00 | 65.00 | 72.00 | OK | |
r-oldrel-macos-arm64 | 1.1.7 | 27.00 | NOTE | |||
r-oldrel-macos-x86_64 | 1.1.7 | 73.00 | NOTE | |||
r-oldrel-windows-x86_64 | 1.1.7 | 11.00 | 78.00 | 89.00 | NOTE |
Version: 1.1.7
Check: package dependencies
Result: ERROR
Packages required but not available: 'GenomicRanges', 'rtracklayer'
Package suggested but not available for checking: ‘BSgenome.Scerevisiae.UCSC.sacCer3’
See section ‘The DESCRIPTION file’ in the ‘Writing R Extensions’
manual.
Flavor: r-devel-linux-x86_64-debian-clang
Version: 1.1.7
Check: dependencies in R code
Result: NOTE
Namespaces in Imports field not imported from:
‘DT’ ‘gbm’
All declared Imports should be used.
Flavors: r-devel-linux-x86_64-fedora-clang, r-devel-linux-x86_64-fedora-gcc
Version: 1.1.7
Check: package dependencies
Result: NOTE
Package suggested but not available for checking: ‘BSgenome.Scerevisiae.UCSC.sacCer3’
Flavors: r-release-macos-arm64, r-release-macos-x86_64, r-oldrel-macos-arm64, r-oldrel-macos-x86_64, r-oldrel-windows-x86_64