Last updated on 2024-05-04 09:49:32 CEST.
Flavor | Version | Tinstall | Tcheck | Ttotal | Status | Flags |
---|---|---|---|---|---|---|
r-devel-linux-x86_64-debian-clang | 0.4 | 45.20 | 357.11 | 402.31 | OK | |
r-devel-linux-x86_64-debian-gcc | 0.4 | 37.86 | 245.37 | 283.23 | OK | |
r-devel-linux-x86_64-fedora-clang | 0.4 | 481.96 | NOTE | |||
r-devel-linux-x86_64-fedora-gcc | 0.4 | 450.36 | OK | |||
r-devel-windows-x86_64 | 0.4 | 41.00 | 207.00 | 248.00 | NOTE | |
r-patched-linux-x86_64 | 0.4 | 39.20 | 327.34 | 366.54 | OK | |
r-release-linux-x86_64 | 0.4 | 37.56 | 333.59 | 371.15 | OK | |
r-release-macos-arm64 | 0.4 | 110.00 | NOTE | |||
r-release-windows-x86_64 | 0.4 | 36.00 | 202.00 | 238.00 | NOTE | |
r-oldrel-macos-arm64 | 0.4 | 125.00 | NOTE | |||
r-oldrel-macos-x86_64 | 0.4 | 198.00 | NOTE | |||
r-oldrel-windows-x86_64 | 0.4 | 50.00 | 284.00 | 334.00 | NOTE |
Version: 0.4
Check: installed package size
Result: NOTE
installed size is 5.8Mb
sub-directories of 1Mb or more:
data 5.7Mb
Flavors: r-devel-linux-x86_64-fedora-clang, r-devel-windows-x86_64, r-release-macos-arm64, r-release-windows-x86_64, r-oldrel-macos-arm64, r-oldrel-macos-x86_64, r-oldrel-windows-x86_64