Last updated on 2024-05-04 09:49:32 CEST.
Flavor | Version | Tinstall | Tcheck | Ttotal | Status | Flags |
---|---|---|---|---|---|---|
r-devel-linux-x86_64-debian-clang | 0.2.61 | 20.17 | 25.74 | 45.91 | OK | |
r-devel-linux-x86_64-debian-gcc | 0.2.61 | 18.63 | 20.78 | 39.41 | OK | |
r-devel-linux-x86_64-fedora-clang | 0.2.61 | 61.51 | NOTE | |||
r-devel-linux-x86_64-fedora-gcc | 0.2.61 | 59.30 | NOTE | |||
r-devel-windows-x86_64 | 0.2.61 | 17.00 | 45.00 | 62.00 | NOTE | |
r-patched-linux-x86_64 | 0.2.61 | 19.23 | 25.78 | 45.01 | OK | |
r-release-linux-x86_64 | 0.2.61 | 21.16 | 25.10 | 46.26 | OK | |
r-release-macos-arm64 | 0.2.61 | 27.00 | NOTE | |||
r-release-windows-x86_64 | 0.2.61 | 18.00 | 44.00 | 62.00 | NOTE | |
r-oldrel-macos-arm64 | 0.2.61 | 30.00 | NOTE | |||
r-oldrel-macos-x86_64 | 0.2.61 | 40.00 | NOTE | |||
r-oldrel-windows-x86_64 | 0.2.61 | 18.00 | 44.00 | 62.00 | NOTE |
Version: 0.2.61
Check: installed package size
Result: NOTE
installed size is 7.6Mb
sub-directories of 1Mb or more:
data 7.5Mb
Flavors: r-devel-linux-x86_64-fedora-clang, r-devel-windows-x86_64, r-release-macos-arm64, r-release-windows-x86_64, r-oldrel-macos-arm64, r-oldrel-macos-x86_64, r-oldrel-windows-x86_64
Version: 0.2.61
Check: data for non-ASCII characters
Result: NOTE
Note: found 3031 marked UTF-8 strings
Flavors: r-devel-linux-x86_64-fedora-clang, r-devel-linux-x86_64-fedora-gcc