Last updated on 2024-05-04 09:49:32 CEST.
Flavor | Version | Tinstall | Tcheck | Ttotal | Status | Flags |
---|---|---|---|---|---|---|
r-devel-linux-x86_64-debian-clang | 1.1.1 | 75.88 | 71.74 | 147.62 | OK | |
r-devel-linux-x86_64-debian-gcc | 1.1.1 | 50.25 | 53.56 | 103.81 | OK | |
r-devel-linux-x86_64-fedora-clang | 1.1.1 | 208.83 | NOTE | |||
r-devel-linux-x86_64-fedora-gcc | 1.1.1 | 198.02 | NOTE | |||
r-devel-windows-x86_64 | 1.1.1 | 54.00 | 87.00 | 141.00 | OK | |
r-patched-linux-x86_64 | 1.1.1 | 73.17 | 68.14 | 141.31 | OK | |
r-release-linux-x86_64 | 1.1.1 | 55.78 | 67.55 | 123.33 | OK | |
r-release-macos-arm64 | 1.1.1 | 47.00 | OK | |||
r-release-windows-x86_64 | 1.1.1 | 51.00 | 88.00 | 139.00 | OK | |
r-oldrel-macos-arm64 | 1.1.1 | 56.00 | OK | |||
r-oldrel-macos-x86_64 | 1.1.1 | 90.00 | OK | |||
r-oldrel-windows-x86_64 | 1.1.1 | 66.00 | 103.00 | 169.00 | OK |
Version: 1.1.1
Check: compiled code
Result: NOTE
File ‘cycleRtools/libs/cycleRtools.so’:
Found no calls to: ‘R_registerRoutines’, ‘R_useDynamicSymbols’
It is good practice to register native routines and to disable symbol
search.
See ‘Writing portable packages’ in the ‘Writing R Extensions’ manual.
Flavors: r-devel-linux-x86_64-fedora-clang, r-devel-linux-x86_64-fedora-gcc