Last updated on 2024-05-04 09:49:32 CEST.
Flavor | Version | Tinstall | Tcheck | Ttotal | Status | Flags |
---|---|---|---|---|---|---|
r-devel-linux-x86_64-debian-clang | 2.0.2 | 42.74 | 530.42 | 573.16 | NOTE | |
r-devel-linux-x86_64-debian-gcc | 2.0.2 | 31.63 | 366.51 | 398.14 | NOTE | |
r-devel-linux-x86_64-fedora-clang | 2.0.2 | 731.24 | NOTE | |||
r-devel-linux-x86_64-fedora-gcc | 2.0.2 | 705.52 | NOTE | |||
r-devel-windows-x86_64 | 2.0.2 | 34.00 | 390.00 | 424.00 | NOTE | |
r-patched-linux-x86_64 | 2.0.2 | 36.54 | 492.73 | 529.27 | NOTE | |
r-release-linux-x86_64 | 2.0.2 | 35.82 | 492.35 | 528.17 | NOTE | |
r-release-macos-arm64 | 2.0.2 | 178.00 | NOTE | |||
r-release-windows-x86_64 | 2.0.2 | 33.00 | 406.00 | 439.00 | NOTE | |
r-oldrel-macos-arm64 | 2.0.2 | 189.00 | OK | |||
r-oldrel-macos-x86_64 | 2.0.2 | 345.00 | OK | |||
r-oldrel-windows-x86_64 | 2.0.2 | 41.00 | 511.00 | 552.00 | OK |
Version: 2.0.2
Check: Rd files
Result: NOTE
checkRd: (-1) CytofTree.Rd:47-48: Lost braces in \itemize; \value handles \item{}{} directly
checkRd: (-1) CytofTree.Rd:49: Lost braces in \itemize; \value handles \item{}{} directly
checkRd: (-1) CytofTree.Rd:50: Lost braces in \itemize; \value handles \item{}{} directly
checkRd: (-1) CytofTree.Rd:51-52: Lost braces in \itemize; \value handles \item{}{} directly
checkRd: (-1) CytofTree.Rd:53: Lost braces in \itemize; \value handles \item{}{} directly
checkRd: (-1) CytofTree.Rd:54: Lost braces in \itemize; \value handles \item{}{} directly
checkRd: (-1) CytomeTree.Rd:33-34: Lost braces in \itemize; \value handles \item{}{} directly
checkRd: (-1) CytomeTree.Rd:35: Lost braces in \itemize; \value handles \item{}{} directly
checkRd: (-1) CytomeTree.Rd:36: Lost braces in \itemize; \value handles \item{}{} directly
checkRd: (-1) CytomeTree.Rd:37-38: Lost braces in \itemize; \value handles \item{}{} directly
checkRd: (-1) RetrievePops.Rd:20-21: Lost braces in \itemize; \value handles \item{}{} directly
checkRd: (-1) RetrievePops.Rd:22-23: Lost braces in \itemize; \value handles \item{}{} directly
Flavors: r-devel-linux-x86_64-debian-clang, r-devel-linux-x86_64-debian-gcc, r-devel-linux-x86_64-fedora-clang, r-devel-linux-x86_64-fedora-gcc, r-devel-windows-x86_64, r-patched-linux-x86_64, r-release-linux-x86_64, r-release-macos-arm64, r-release-windows-x86_64