Last updated on 2024-05-02 21:52:40 CEST.
Flavor | Version | Tinstall | Tcheck | Ttotal | Status | Flags |
---|---|---|---|---|---|---|
r-devel-linux-x86_64-debian-clang | 0.2.2 | 8.99 | 148.34 | 157.33 | NOTE | |
r-devel-linux-x86_64-debian-gcc | 0.2.2 | 7.22 | 107.86 | 115.08 | NOTE | |
r-devel-linux-x86_64-fedora-clang | 0.2.2 | 191.69 | NOTE | |||
r-devel-linux-x86_64-fedora-gcc | 0.2.2 | 193.08 | NOTE | |||
r-devel-windows-x86_64 | 0.2.2 | 8.00 | 117.00 | 125.00 | NOTE | |
r-patched-linux-x86_64 | 0.2.2 | 8.54 | 143.52 | 152.06 | NOTE | |
r-release-linux-x86_64 | 0.2.2 | 5.56 | 141.94 | 147.50 | NOTE | |
r-release-macos-arm64 | 0.2.2 | 55.00 | NOTE | |||
r-release-windows-x86_64 | 0.2.2 | 9.00 | 113.00 | 122.00 | NOTE | |
r-oldrel-macos-arm64 | 0.2.2 | 65.00 | NOTE | |||
r-oldrel-macos-x86_64 | 0.2.2 | 108.00 | NOTE | |||
r-oldrel-windows-x86_64 | 0.2.2 | 11.00 | 146.00 | 157.00 | NOTE |
Version: 0.2.2
Check: LazyData
Result: NOTE
'LazyData' is specified without a 'data' directory
Flavors: r-devel-linux-x86_64-debian-clang, r-devel-linux-x86_64-debian-gcc, r-devel-linux-x86_64-fedora-clang, r-devel-linux-x86_64-fedora-gcc, r-devel-windows-x86_64, r-patched-linux-x86_64, r-release-linux-x86_64, r-release-macos-arm64, r-release-windows-x86_64, r-oldrel-macos-arm64, r-oldrel-macos-x86_64, r-oldrel-windows-x86_64