Last updated on 2024-05-04 09:49:32 CEST.
Flavor | Version | Tinstall | Tcheck | Ttotal | Status | Flags |
---|---|---|---|---|---|---|
r-devel-linux-x86_64-debian-clang | 1.1.0 | 13.13 | 149.45 | 162.58 | NOTE | |
r-devel-linux-x86_64-debian-gcc | 1.1.0 | 8.63 | 108.17 | 116.80 | NOTE | |
r-devel-linux-x86_64-fedora-clang | 1.1.0 | 197.22 | NOTE | |||
r-devel-linux-x86_64-fedora-gcc | 1.1.0 | 213.95 | NOTE | |||
r-devel-windows-x86_64 | 1.1.0 | 12.00 | 129.00 | 141.00 | NOTE | |
r-patched-linux-x86_64 | 1.1.0 | 8.25 | 141.40 | 149.65 | NOTE | |
r-release-linux-x86_64 | 1.1.0 | 9.09 | 138.24 | 147.33 | NOTE | |
r-release-macos-arm64 | 1.1.0 | 56.00 | NOTE | |||
r-release-windows-x86_64 | 1.1.0 | 12.00 | 130.00 | 142.00 | NOTE | |
r-oldrel-macos-arm64 | 1.1.0 | 67.00 | OK | |||
r-oldrel-macos-x86_64 | 1.1.0 | 136.00 | OK | |||
r-oldrel-windows-x86_64 | 1.1.0 | 16.00 | 157.00 | 173.00 | OK |
Version: 1.1.0
Check: Rd files
Result: NOTE
checkRd: (-1) value_missing_table.Rd:19: Lost braces in \itemize; \value handles \item{}{} directly
checkRd: (-1) value_missing_table.Rd:20: Lost braces in \itemize; \value handles \item{}{} directly
Flavors: r-devel-linux-x86_64-debian-clang, r-devel-linux-x86_64-debian-gcc, r-devel-linux-x86_64-fedora-clang, r-devel-linux-x86_64-fedora-gcc, r-devel-windows-x86_64, r-patched-linux-x86_64, r-release-linux-x86_64, r-release-macos-arm64, r-release-windows-x86_64