Last updated on 2024-05-04 09:49:32 CEST.
Flavor | Version | Tinstall | Tcheck | Ttotal | Status | Flags |
---|---|---|---|---|---|---|
r-devel-linux-x86_64-debian-clang | 0.0-22 | 3.77 | 62.75 | 66.52 | NOTE | |
r-devel-linux-x86_64-debian-gcc | 0.0-22 | 2.77 | 43.57 | 46.34 | NOTE | |
r-devel-linux-x86_64-fedora-clang | 0.0-22 | 81.40 | NOTE | |||
r-devel-linux-x86_64-fedora-gcc | 0.0-22 | 77.16 | NOTE | |||
r-devel-windows-x86_64 | 0.0-22 | 5.00 | 69.00 | 74.00 | NOTE | |
r-patched-linux-x86_64 | 0.0-22 | 4.47 | 59.31 | 63.78 | NOTE | |
r-release-linux-x86_64 | 0.0-22 | 3.18 | 59.32 | 62.50 | NOTE | |
r-release-macos-arm64 | 0.0-22 | 22.00 | NOTE | |||
r-release-windows-x86_64 | 0.0-22 | 4.00 | 69.00 | 73.00 | NOTE | |
r-oldrel-macos-arm64 | 0.0-22 | 25.00 | OK | |||
r-oldrel-macos-x86_64 | 0.0-22 | 39.00 | OK | |||
r-oldrel-windows-x86_64 | 0.0-22 | 4.00 | 75.00 | 79.00 | OK |
Version: 0.0-22
Check: Rd files
Result: NOTE
checkRd: (-1) plot.mleBb.Rd:48: Lost braces
48 | \ code{size} is extracted from argument \code{x}.
| ^
Flavors: r-devel-linux-x86_64-debian-clang, r-devel-linux-x86_64-debian-gcc, r-devel-linux-x86_64-fedora-clang, r-devel-linux-x86_64-fedora-gcc, r-devel-windows-x86_64, r-patched-linux-x86_64, r-release-linux-x86_64, r-release-macos-arm64, r-release-windows-x86_64