Last updated on 2024-05-04 13:49:03 CEST.
Flavor | Version | Tinstall | Tcheck | Ttotal | Status | Flags |
---|---|---|---|---|---|---|
r-devel-linux-x86_64-debian-clang | 0.1.1 | 7.69 | 65.17 | 72.86 | OK | |
r-devel-linux-x86_64-debian-gcc | 0.1.1 | 5.33 | 48.70 | 54.03 | OK | |
r-devel-linux-x86_64-fedora-clang | 0.1.1 | 90.32 | NOTE | |||
r-devel-linux-x86_64-fedora-gcc | 0.1.1 | 85.96 | NOTE | |||
r-devel-windows-x86_64 | 0.1.1 | 8.00 | 72.00 | 80.00 | OK | |
r-patched-linux-x86_64 | 0.1.1 | 7.18 | 62.44 | 69.62 | OK | |
r-release-linux-x86_64 | 0.1.1 | 7.99 | 63.77 | 71.76 | OK | |
r-release-macos-arm64 | 0.1.1 | 31.00 | OK | |||
r-release-windows-x86_64 | 0.1.1 | 9.00 | 70.00 | 79.00 | OK | |
r-oldrel-macos-arm64 | 0.1.1 | 32.00 | OK | |||
r-oldrel-macos-x86_64 | 0.1.1 | 47.00 | OK | |||
r-oldrel-windows-x86_64 | 0.1.1 | 9.00 | 79.00 | 88.00 | OK |
Version: 0.1.1
Check: dependencies in R code
Result: NOTE
Namespace in Imports field not imported from: ‘dplyr’
All declared Imports should be used.
Flavors: r-devel-linux-x86_64-fedora-clang, r-devel-linux-x86_64-fedora-gcc