Last updated on 2024-05-04 13:49:03 CEST.
Flavor | Version | Tinstall | Tcheck | Ttotal | Status | Flags |
---|---|---|---|---|---|---|
r-devel-linux-x86_64-debian-clang | 2.0.0 | 11.89 | 123.62 | 135.51 | OK | |
r-devel-linux-x86_64-debian-gcc | 2.0.0 | 8.63 | 98.85 | 107.48 | OK | |
r-devel-linux-x86_64-fedora-clang | 2.0.0 | 174.60 | NOTE | |||
r-devel-linux-x86_64-fedora-gcc | 2.0.0 | 181.62 | NOTE | |||
r-devel-windows-x86_64 | 2.0.0 | 10.00 | 115.00 | 125.00 | OK | |
r-patched-linux-x86_64 | 2.0.0 | 7.82 | 124.55 | 132.37 | OK | |
r-release-linux-x86_64 | 2.0.0 | 7.28 | 122.85 | 130.13 | OK | |
r-release-macos-arm64 | 2.0.0 | 62.00 | OK | |||
r-release-macos-x86_64 | 2.0.0 | 106.00 | OK | |||
r-release-windows-x86_64 | 2.0.0 | 11.00 | 114.00 | 125.00 | OK | |
r-oldrel-macos-arm64 | 2.0.0 | 60.00 | OK | |||
r-oldrel-macos-x86_64 | 2.0.0 | 133.00 | OK | |||
r-oldrel-windows-x86_64 | 2.0.0 | 14.00 | 144.00 | 158.00 | OK |
Version: 2.0.0
Check: dependencies in R code
Result: NOTE
Namespace in Imports field not imported from: ‘Matrix’
All declared Imports should be used.
Flavors: r-devel-linux-x86_64-fedora-clang, r-devel-linux-x86_64-fedora-gcc