Last updated on 2024-05-04 09:49:32 CEST.
Flavor | Version | Tinstall | Tcheck | Ttotal | Status | Flags |
---|---|---|---|---|---|---|
r-devel-linux-x86_64-debian-clang | 0.3.0 | 51.62 | 80.57 | 132.19 | NOTE | |
r-devel-linux-x86_64-debian-gcc | 0.3.0 | 45.96 | 62.21 | 108.17 | NOTE | |
r-devel-linux-x86_64-fedora-clang | 0.3.0 | 183.22 | NOTE | |||
r-devel-linux-x86_64-fedora-gcc | 0.3.0 | 180.16 | NOTE | |||
r-devel-windows-x86_64 | 0.3.0 | 46.00 | 105.00 | 151.00 | NOTE | |
r-patched-linux-x86_64 | 0.3.0 | 65.23 | 78.87 | 144.10 | NOTE | |
r-release-linux-x86_64 | 0.3.0 | 52.85 | 77.09 | 129.94 | NOTE | |
r-release-macos-arm64 | 0.3.0 | 43.00 | NOTE | |||
r-release-windows-x86_64 | 0.3.0 | 43.00 | 105.00 | 148.00 | NOTE | |
r-oldrel-macos-arm64 | 0.3.0 | 50.00 | NOTE | |||
r-oldrel-macos-x86_64 | 0.3.0 | 82.00 | NOTE | |||
r-oldrel-windows-x86_64 | 0.3.0 | 55.00 | 120.00 | 175.00 | NOTE |
Version: 0.3.0
Check: LazyData
Result: NOTE
'LazyData' is specified without a 'data' directory
Flavors: r-devel-linux-x86_64-debian-clang, r-devel-linux-x86_64-debian-gcc, r-devel-linux-x86_64-fedora-clang, r-devel-linux-x86_64-fedora-gcc, r-devel-windows-x86_64, r-patched-linux-x86_64, r-release-linux-x86_64, r-release-macos-arm64, r-release-windows-x86_64, r-oldrel-macos-arm64, r-oldrel-macos-x86_64, r-oldrel-windows-x86_64