Last updated on 2024-05-04 09:49:32 CEST.
Flavor | Version | Tinstall | Tcheck | Ttotal | Status | Flags |
---|---|---|---|---|---|---|
r-devel-linux-x86_64-debian-clang | 0.9.16 | 12.33 | 46.32 | 58.65 | NOTE | |
r-devel-linux-x86_64-debian-gcc | 0.9.16 | 10.54 | 34.52 | 45.06 | NOTE | |
r-devel-linux-x86_64-fedora-clang | 0.9.16 | 74.43 | NOTE | |||
r-devel-linux-x86_64-fedora-gcc | 0.9.16 | 72.95 | NOTE | |||
r-devel-windows-x86_64 | 0.9.16 | 17.00 | 59.00 | 76.00 | NOTE | |
r-patched-linux-x86_64 | 0.9.16 | 14.22 | 43.57 | 57.79 | NOTE | |
r-release-linux-x86_64 | 0.9.16 | 11.99 | 44.20 | 56.19 | NOTE | |
r-release-macos-arm64 | 0.9.16 | 24.00 | NOTE | |||
r-release-windows-x86_64 | 0.9.16 | 15.00 | 59.00 | 74.00 | NOTE | |
r-oldrel-macos-arm64 | 0.9.16 | 25.00 | NOTE | |||
r-oldrel-macos-x86_64 | 0.9.16 | 38.00 | NOTE | |||
r-oldrel-windows-x86_64 | 0.9.16 | 15.00 | 63.00 | 78.00 | NOTE |
Version: 0.9.16
Check: package dependencies
Result: NOTE
Package suggested but not available for checking: ‘Rdonlp2’
Flavors: r-devel-linux-x86_64-debian-clang, r-devel-linux-x86_64-debian-gcc, r-devel-linux-x86_64-fedora-clang, r-devel-linux-x86_64-fedora-gcc, r-devel-windows-x86_64, r-patched-linux-x86_64, r-release-linux-x86_64, r-release-macos-arm64, r-release-windows-x86_64, r-oldrel-macos-arm64, r-oldrel-macos-x86_64, r-oldrel-windows-x86_64
Version: 0.9.16
Check: Rd files
Result: NOTE
checkRd: (-1) discrimination.Rd:19: Escaped LaTeX specials: \&
checkRd: (-1) fitdmm.Rd:59: Escaped LaTeX specials: \$
Flavors: r-devel-linux-x86_64-debian-clang, r-devel-linux-x86_64-debian-gcc, r-devel-linux-x86_64-fedora-clang, r-devel-linux-x86_64-fedora-gcc, r-devel-windows-x86_64, r-patched-linux-x86_64, r-release-linux-x86_64, r-release-macos-arm64, r-release-windows-x86_64, r-oldrel-macos-arm64, r-oldrel-macos-x86_64, r-oldrel-windows-x86_64