Last updated on 2024-05-02 06:11:46 CEST.
Flavor | Version | Tinstall | Tcheck | Ttotal | Status | Flags |
---|---|---|---|---|---|---|
r-devel-linux-x86_64-debian-clang | 1.4.2 | 176.87 | 271.88 | 448.75 | OK | |
r-devel-linux-x86_64-debian-gcc | 1.4.2 | 126.66 | 214.83 | 341.49 | OK | |
r-devel-linux-x86_64-fedora-clang | 1.4.2 | 609.23 | OK | |||
r-devel-linux-x86_64-fedora-gcc | 1.4.2 | 602.01 | OK | |||
r-devel-windows-x86_64 | 1.4.2 | 129.00 | 214.00 | 343.00 | OK | |
r-patched-linux-x86_64 | 1.4.2 | 113.89 | 287.05 | 400.94 | OK | |
r-release-linux-x86_64 | 1.4.2 | 157.45 | 285.80 | 443.25 | OK | |
r-release-macos-arm64 | 1.4.2 | 142.00 | NOTE | |||
r-release-macos-x86_64 | 1.4.2 | 331.00 | NOTE | |||
r-release-windows-x86_64 | 1.4.2 | 132.00 | 212.00 | 344.00 | OK | |
r-oldrel-macos-arm64 | 1.4.2 | 147.00 | NOTE | |||
r-oldrel-macos-x86_64 | 1.4.2 | 279.00 | NOTE | |||
r-oldrel-windows-x86_64 | 1.4.2 | 160.00 | 251.00 | 411.00 | OK |
Version: 1.4.2
Check: installed package size
Result: NOTE
installed size is 10.0Mb
sub-directories of 1Mb or more:
doc 1.1Mb
libs 8.1Mb
Flavors: r-release-macos-arm64, r-release-macos-x86_64, r-oldrel-macos-arm64, r-oldrel-macos-x86_64