Last updated on 2024-05-04 13:49:04 CEST.
Flavor | Version | Tinstall | Tcheck | Ttotal | Status | Flags |
---|---|---|---|---|---|---|
r-devel-linux-x86_64-debian-clang | 0.4.0 | 178.59 | 125.04 | 303.63 | NOTE | |
r-devel-linux-x86_64-debian-gcc | 0.4.0 | 150.66 | 91.07 | 241.73 | NOTE | |
r-devel-linux-x86_64-fedora-clang | 0.4.0 | 436.36 | NOTE | |||
r-devel-linux-x86_64-fedora-gcc | 0.4.0 | 428.67 | NOTE | |||
r-devel-windows-x86_64 | 0.4.0 | 141.00 | 128.00 | 269.00 | NOTE | |
r-patched-linux-x86_64 | 0.4.0 | 181.87 | 118.71 | 300.58 | NOTE | |
r-release-linux-x86_64 | 0.4.0 | 161.85 | 120.46 | 282.31 | NOTE | |
r-release-macos-arm64 | 0.4.0 | 89.00 | NOTE | |||
r-release-windows-x86_64 | 0.4.0 | 141.00 | 126.00 | 267.00 | NOTE | |
r-oldrel-macos-arm64 | 0.4.0 | 107.00 | NOTE | |||
r-oldrel-macos-x86_64 | 0.4.0 | 172.00 | NOTE | |||
r-oldrel-windows-x86_64 | 0.4.0 | 174.00 | 160.00 | 334.00 | NOTE |
Version: 0.4.0
Check: package dependencies
Result: NOTE
Package suggested but not available for checking: ‘BOLTSSIRR’
Flavors: r-devel-linux-x86_64-debian-clang, r-devel-linux-x86_64-debian-gcc, r-devel-linux-x86_64-fedora-clang, r-devel-linux-x86_64-fedora-gcc, r-devel-windows-x86_64, r-patched-linux-x86_64, r-release-linux-x86_64, r-release-macos-arm64, r-release-windows-x86_64, r-oldrel-macos-arm64, r-oldrel-macos-x86_64, r-oldrel-windows-x86_64
Version: 0.4.0
Check: installed package size
Result: NOTE
installed size is 9.3Mb
sub-directories of 1Mb or more:
libs 8.9Mb
Flavors: r-release-macos-arm64, r-oldrel-macos-arm64, r-oldrel-macos-x86_64