Last updated on 2024-05-04 09:49:33 CEST.
Flavor | Version | Tinstall | Tcheck | Ttotal | Status | Flags |
---|---|---|---|---|---|---|
r-devel-linux-x86_64-debian-clang | 0.6.5 | 4.90 | 45.70 | 50.60 | NOTE | |
r-devel-linux-x86_64-debian-gcc | 0.6.5 | 4.10 | 35.34 | 39.44 | NOTE | |
r-devel-linux-x86_64-fedora-clang | 0.6.5 | 65.74 | NOTE | |||
r-devel-linux-x86_64-fedora-gcc | 0.6.5 | 60.44 | NOTE | |||
r-devel-windows-x86_64 | 0.6.5 | 7.00 | 58.00 | 65.00 | NOTE | |
r-patched-linux-x86_64 | 0.6.5 | 4.37 | 44.08 | 48.45 | NOTE | |
r-release-linux-x86_64 | 0.6.5 | 4.27 | 44.91 | 49.18 | NOTE | |
r-release-macos-arm64 | 0.6.5 | 25.00 | NOTE | |||
r-release-windows-x86_64 | 0.6.5 | 6.00 | 56.00 | 62.00 | NOTE | |
r-oldrel-macos-arm64 | 0.6.5 | 27.00 | NOTE | |||
r-oldrel-macos-x86_64 | 0.6.5 | 33.00 | NOTE | |||
r-oldrel-windows-x86_64 | 0.6.5 | 8.00 | 66.00 | 74.00 | NOTE |
Version: 0.6.5
Check: LazyData
Result: NOTE
'LazyData' is specified without a 'data' directory
Flavors: r-devel-linux-x86_64-debian-clang, r-devel-linux-x86_64-debian-gcc, r-devel-linux-x86_64-fedora-clang, r-devel-linux-x86_64-fedora-gcc, r-devel-windows-x86_64, r-patched-linux-x86_64, r-release-linux-x86_64, r-release-macos-arm64, r-release-windows-x86_64, r-oldrel-macos-arm64, r-oldrel-macos-x86_64, r-oldrel-windows-x86_64