Last updated on 2024-05-04 09:49:33 CEST.
Flavor | Version | Tinstall | Tcheck | Ttotal | Status | Flags |
---|---|---|---|---|---|---|
r-devel-linux-x86_64-debian-clang | 0.2.6 | 165.27 | 30.26 | 195.53 | OK | |
r-devel-linux-x86_64-debian-gcc | 0.2.6 | 129.40 | 23.93 | 153.33 | OK | |
r-devel-linux-x86_64-fedora-clang | 0.2.6 | 323.25 | OK | |||
r-devel-linux-x86_64-fedora-gcc | 0.2.6 | 289.74 | OK | |||
r-devel-windows-x86_64 | 0.2.6 | 137.00 | 70.00 | 207.00 | OK | |
r-patched-linux-x86_64 | 0.2.6 | 160.75 | 29.64 | 190.39 | OK | |
r-release-linux-x86_64 | 0.2.6 | 158.56 | 29.49 | 188.05 | OK | |
r-release-macos-arm64 | 0.2.6 | 58.00 | NOTE | |||
r-release-windows-x86_64 | 0.2.6 | 134.00 | 67.00 | 201.00 | OK | |
r-oldrel-macos-arm64 | 0.2.6 | 70.00 | NOTE | |||
r-oldrel-macos-x86_64 | 0.2.6 | 123.00 | NOTE | |||
r-oldrel-windows-x86_64 | 0.2.6 | 125.00 | 80.00 | 205.00 | OK |
Version: 0.2.6
Check: installed package size
Result: NOTE
installed size is 12.4Mb
sub-directories of 1Mb or more:
libs 12.2Mb
Flavors: r-release-macos-arm64, r-oldrel-macos-arm64, r-oldrel-macos-x86_64