Last updated on 2024-05-04 09:49:33 CEST.
Flavor | Version | Tinstall | Tcheck | Ttotal | Status | Flags |
---|---|---|---|---|---|---|
r-devel-linux-x86_64-debian-clang | 0.1 | 224.51 | 97.36 | 321.87 | OK | |
r-devel-linux-x86_64-debian-gcc | 0.1 | 172.09 | 71.53 | 243.62 | OK | |
r-devel-linux-x86_64-fedora-clang | 0.1 | 530.57 | OK | |||
r-devel-linux-x86_64-fedora-gcc | 0.1 | 507.45 | OK | |||
r-devel-windows-x86_64 | 0.1 | 176.00 | 108.00 | 284.00 | OK | |
r-patched-linux-x86_64 | 0.1 | 214.66 | 93.34 | 308.00 | OK | |
r-release-linux-x86_64 | 0.1 | 215.20 | 92.39 | 307.59 | OK | |
r-release-macos-arm64 | 0.1 | 76.00 | NOTE | |||
r-release-macos-x86_64 | 0.1 | 116.00 | NOTE | |||
r-release-windows-x86_64 | 0.1 | 174.00 | 103.00 | 277.00 | OK | |
r-oldrel-macos-arm64 | 0.1 | 95.00 | NOTE | |||
r-oldrel-macos-x86_64 | 0.1 | 109.00 | NOTE | |||
r-oldrel-windows-x86_64 | 0.1 | 159.00 | 130.00 | 289.00 | OK |
Version: 0.1
Check: installed package size
Result: NOTE
installed size is 9.4Mb
sub-directories of 1Mb or more:
libs 9.2Mb
Flavors: r-release-macos-arm64, r-release-macos-x86_64, r-oldrel-macos-arm64, r-oldrel-macos-x86_64