Last updated on 2024-05-04 05:50:19 CEST.
Flavor | Version | Tinstall | Tcheck | Ttotal | Status | Flags |
---|---|---|---|---|---|---|
r-devel-linux-x86_64-debian-clang | 0.4.1 | 0.73 | 2.46 | 3.19 | ERROR | |
r-devel-linux-x86_64-fedora-clang | 0.4.1 | 278.89 | NOTE | |||
r-devel-linux-x86_64-fedora-gcc | 0.4.1 | 266.71 | OK | |||
r-devel-windows-x86_64 | 0.4.1 | 14.00 | 150.00 | 164.00 | NOTE | |
r-patched-linux-x86_64 | 0.4.1 | 8.35 | 186.69 | 195.04 | OK | |
r-release-linux-x86_64 | 0.4.1 | 8.96 | 182.78 | 191.74 | OK | |
r-release-macos-arm64 | 0.4.1 | 5.00 | ERROR | |||
r-release-macos-x86_64 | 0.4.1 | 7.00 | ERROR | |||
r-release-windows-x86_64 | 0.4.1 | 14.00 | 151.00 | 165.00 | NOTE | |
r-oldrel-macos-arm64 | 0.4.1 | 93.00 | NOTE | |||
r-oldrel-macos-x86_64 | 0.4.1 | 6.00 | ERROR | |||
r-oldrel-windows-x86_64 | 0.4.1 | 18.00 | 192.00 | 210.00 | NOTE |
Version: 0.4.1
Check: package dependencies
Result: ERROR
Packages required but not available:
'GenomicRanges', 'GenomicFeatures',
'TxDb.Hsapiens.UCSC.hg19.knownGene',
'TxDb.Hsapiens.UCSC.hg38.knownGene', 'org.Hs.eg.db'
See section ‘The DESCRIPTION file’ in the ‘Writing R Extensions’
manual.
Flavor: r-devel-linux-x86_64-debian-clang
Version: 0.4.1
Check: installed package size
Result: NOTE
installed size is 5.4Mb
sub-directories of 1Mb or more:
data 1.6Mb
extdata 3.2Mb
Flavors: r-devel-linux-x86_64-fedora-clang, r-devel-windows-x86_64, r-release-windows-x86_64, r-oldrel-macos-arm64, r-oldrel-windows-x86_64
Version: 0.4.1
Check: package dependencies
Result: ERROR
Packages required but not available:
'TxDb.Hsapiens.UCSC.hg19.knownGene',
'TxDb.Hsapiens.UCSC.hg38.knownGene'
See section ‘The DESCRIPTION file’ in the ‘Writing R Extensions’
manual.
Flavors: r-release-macos-arm64, r-release-macos-x86_64
Version: 0.4.1
Check: package dependencies
Result: ERROR
Package required but not available: ‘TxDb.Hsapiens.UCSC.hg38.knownGene’
See section ‘The DESCRIPTION file’ in the ‘Writing R Extensions’
manual.
Flavor: r-oldrel-macos-x86_64