Last updated on 2024-05-04 09:49:33 CEST.
Flavor | Version | Tinstall | Tcheck | Ttotal | Status | Flags |
---|---|---|---|---|---|---|
r-devel-linux-x86_64-debian-clang | 1.0.5 | 21.09 | 253.54 | 274.63 | NOTE | |
r-devel-linux-x86_64-debian-gcc | 1.0.5 | 18.67 | 185.72 | 204.39 | NOTE | |
r-devel-linux-x86_64-fedora-clang | 1.0.5 | 388.00 | NOTE | |||
r-devel-linux-x86_64-fedora-gcc | 1.0.5 | 342.46 | NOTE | |||
r-devel-windows-x86_64 | 1.0.5 | 21.00 | 198.00 | 219.00 | NOTE | |
r-patched-linux-x86_64 | 1.0.5 | 20.03 | 248.70 | 268.73 | NOTE | |
r-release-linux-x86_64 | 1.0.5 | 15.47 | 240.01 | 255.48 | NOTE | |
r-release-macos-arm64 | 1.0.5 | 97.00 | NOTE | |||
r-release-windows-x86_64 | 1.0.5 | 21.00 | 197.00 | 218.00 | NOTE | |
r-oldrel-macos-arm64 | 1.0.5 | 110.00 | OK | |||
r-oldrel-macos-x86_64 | 1.0.5 | 181.00 | OK | |||
r-oldrel-windows-x86_64 | 1.0.5 | 27.00 | 252.00 | 279.00 | OK |
Version: 1.0.5
Check: package dependencies
Result: NOTE
Packages suggested but not available for checking:
'SingleCellExperiment', 'SummarizedExperiment'
Flavor: r-devel-linux-x86_64-debian-clang
Version: 1.0.5
Check: Rd files
Result: NOTE
checkRd: (-1) generate_kinetics.Rd:57: Lost braces; missing escapes or markup?
57 | By default, sampled from {-1, 1} with probabilities {.25, .75}.
| ^
checkRd: (-1) generate_kinetics.Rd:57: Lost braces; missing escapes or markup?
57 | By default, sampled from {-1, 1} with probabilities {.25, .75}.
| ^
Flavors: r-devel-linux-x86_64-debian-clang, r-devel-linux-x86_64-debian-gcc, r-devel-linux-x86_64-fedora-clang, r-devel-linux-x86_64-fedora-gcc, r-devel-windows-x86_64, r-patched-linux-x86_64, r-release-linux-x86_64, r-release-macos-arm64, r-release-windows-x86_64