Last updated on 2024-05-04 17:52:45 CEST.
Flavor | Version | Tinstall | Tcheck | Ttotal | Status | Flags |
---|---|---|---|---|---|---|
r-devel-linux-x86_64-debian-clang | 1.4 | 0.29 | 2.26 | 2.55 | ERROR | |
r-devel-linux-x86_64-debian-gcc | 1.4 | 39.09 | 330.09 | 369.18 | OK | |
r-devel-linux-x86_64-fedora-clang | 1.4 | 650.11 | OK | |||
r-devel-linux-x86_64-fedora-gcc | 1.4 | 604.13 | OK | |||
r-devel-windows-x86_64 | 1.4 | 43.00 | 290.00 | 333.00 | OK | |
r-patched-linux-x86_64 | 1.4 | 29.59 | 419.94 | 449.53 | OK | |
r-release-linux-x86_64 | 1.4 | 31.42 | 402.11 | 433.53 | OK | |
r-release-macos-arm64 | 1.4 | 8.00 | ERROR | |||
r-release-macos-x86_64 | 1.4 | 511.00 | OK | |||
r-release-windows-x86_64 | 1.4 | 42.00 | 292.00 | 334.00 | OK | |
r-oldrel-macos-arm64 | 1.4 | 168.00 | OK | |||
r-oldrel-macos-x86_64 | 1.4 | 345.00 | OK | |||
r-oldrel-windows-x86_64 | 1.4 | 58.00 | 389.00 | 447.00 | OK |
Version: 1.4
Check: package dependencies
Result: ERROR
Packages required but not available:
'annotate', 'diffcoexp', 'geneExpressionFromGEO', 'jetset'
See section ‘The DESCRIPTION file’ in the ‘Writing R Extensions’
manual.
Flavor: r-devel-linux-x86_64-debian-clang
Version: 1.4
Check: package dependencies
Result: ERROR
Package required but not available: ‘diffcoexp’
See section ‘The DESCRIPTION file’ in the ‘Writing R Extensions’
manual.
Flavor: r-release-macos-arm64