Last updated on 2024-05-04 13:49:04 CEST.
Flavor | Version | Tinstall | Tcheck | Ttotal | Status | Flags |
---|---|---|---|---|---|---|
r-devel-linux-x86_64-debian-clang | 0.2.8 | 11.94 | 88.45 | 100.39 | NOTE | |
r-devel-linux-x86_64-debian-gcc | 0.2.8 | 9.14 | 66.08 | 75.22 | OK | |
r-devel-linux-x86_64-fedora-clang | 0.2.8 | 136.96 | OK | |||
r-devel-linux-x86_64-fedora-gcc | 0.2.8 | 130.96 | OK | |||
r-devel-windows-x86_64 | 0.2.8 | 11.00 | 91.00 | 102.00 | OK | |
r-patched-linux-x86_64 | 0.2.8 | 9.32 | 84.02 | 93.34 | OK | |
r-release-linux-x86_64 | 0.2.8 | 11.38 | 85.90 | 97.28 | OK | |
r-release-macos-arm64 | 0.2.8 | 45.00 | OK | |||
r-release-macos-x86_64 | 0.2.8 | 99.00 | OK | |||
r-release-windows-x86_64 | 0.2.8 | 10.00 | 90.00 | 100.00 | OK | |
r-oldrel-macos-arm64 | 0.2.8 | 47.00 | OK | |||
r-oldrel-macos-x86_64 | 0.2.8 | 94.00 | OK | |||
r-oldrel-windows-x86_64 | 0.2.8 | 12.00 | 96.00 | 108.00 | OK |
Version: 0.2.8
Check: package dependencies
Result: NOTE
Packages suggested but not available for checking:
'AnnotationDbi', 'org.Hs.eg.db'
Flavor: r-devel-linux-x86_64-debian-clang
Version: 0.2.8
Check: Rd cross-references
Result: NOTE
Package unavailable to check Rd xrefs: ‘AnnotationDbi’
Flavor: r-devel-linux-x86_64-debian-clang