Last updated on 2024-05-04 09:49:33 CEST.
Flavor | Version | Tinstall | Tcheck | Ttotal | Status | Flags |
---|---|---|---|---|---|---|
r-devel-linux-x86_64-debian-clang | 0.5-11 | 7.57 | 65.66 | 73.23 | OK | |
r-devel-linux-x86_64-debian-gcc | 0.5-11 | 4.89 | 48.57 | 53.46 | OK | |
r-devel-linux-x86_64-fedora-clang | 0.5-11 | 94.30 | NOTE | |||
r-devel-linux-x86_64-fedora-gcc | 0.5-11 | 100.42 | NOTE | |||
r-devel-windows-x86_64 | 0.5-11 | 8.00 | 86.00 | 94.00 | OK | |
r-patched-linux-x86_64 | 0.5-11 | 6.51 | 62.64 | 69.15 | OK | |
r-release-linux-x86_64 | 0.5-11 | 4.13 | 64.53 | 68.66 | OK | |
r-release-macos-arm64 | 0.5-11 | 38.00 | OK | |||
r-release-windows-x86_64 | 0.5-11 | 7.00 | 83.00 | 90.00 | OK | |
r-oldrel-macos-arm64 | 0.5-11 | 37.00 | OK | |||
r-oldrel-macos-x86_64 | 0.5-11 | 47.00 | NOTE | |||
r-oldrel-windows-x86_64 | 0.5-11 | 8.00 | 97.00 | 105.00 | OK |
Version: 0.5-11
Check: dependencies in R code
Result: NOTE
Namespace in Imports field not imported from: ‘rprojroot’
All declared Imports should be used.
Flavors: r-devel-linux-x86_64-fedora-clang, r-devel-linux-x86_64-fedora-gcc
Version: 0.5-11
Check: package dependencies
Result: NOTE
Package suggested but not available for checking: ‘qs’
Flavor: r-oldrel-macos-x86_64