Last updated on 2024-05-04 09:49:33 CEST.
Flavor | Version | Tinstall | Tcheck | Ttotal | Status | Flags |
---|---|---|---|---|---|---|
r-devel-linux-x86_64-debian-clang | 1.0.1 | 43.62 | 32.39 | 76.01 | WARN | |
r-devel-linux-x86_64-debian-gcc | 1.0.1 | 34.34 | 25.21 | 59.55 | OK | |
r-devel-linux-x86_64-fedora-clang | 1.0.2 | 74.57 | OK | |||
r-devel-linux-x86_64-fedora-gcc | 1.0.1 | 105.63 | OK | |||
r-devel-windows-x86_64 | 1.0.1 | 36.00 | 68.00 | 104.00 | OK | |
r-patched-linux-x86_64 | 1.0.1 | 42.46 | 31.34 | 73.80 | OK | |
r-release-linux-x86_64 | 1.0.1 | 43.41 | 31.52 | 74.93 | OK | |
r-release-macos-arm64 | 1.0.1 | 27.00 | OK | |||
r-release-macos-x86_64 | 1.0.2 | 62.00 | OK | |||
r-release-windows-x86_64 | 1.0.2 | 37.00 | 71.00 | 108.00 | OK | |
r-oldrel-macos-arm64 | 1.0.1 | 29.00 | OK | |||
r-oldrel-macos-x86_64 | 1.0.2 | 63.00 | OK | |||
r-oldrel-windows-x86_64 | 1.0.1 | 45.00 | 76.00 | 121.00 | OK |
Version: 1.0.1
Check: whether package can be installed
Result: WARN
Found the following significant warnings:
EM.cpp:53:41: warning: using integer absolute value function 'abs' when argument is of floating point type [-Wabsolute-value]
See ‘/home/hornik/tmp/R.check/r-devel-clang/Work/PKGS/ebTobit.Rcheck/00install.out’ for details.
* used C++ compiler: ‘Debian clang version 18.1.4 (1)’
Flavor: r-devel-linux-x86_64-debian-clang