Last updated on 2024-05-05 21:49:18 CEST.
Flavor | Version | Tinstall | Tcheck | Ttotal | Status | Flags |
---|---|---|---|---|---|---|
r-devel-linux-x86_64-debian-clang | 4.0.0 | 17.05 | 196.37 | 213.42 | ERROR | |
r-devel-linux-x86_64-debian-gcc | 4.0.0 | 10.91 | 137.92 | 148.83 | ERROR | |
r-devel-linux-x86_64-fedora-clang | 4.0.0 | 271.76 | ERROR | |||
r-devel-linux-x86_64-fedora-gcc | 4.0.0 | 274.24 | ERROR | |||
r-devel-windows-x86_64 | 4.0.0 | 13.00 | 228.00 | 241.00 | ERROR | |
r-patched-linux-x86_64 | 4.0.0 | 21.18 | 204.53 | 225.71 | OK | |
r-release-linux-x86_64 | 4.0.0 | 9.22 | 180.55 | 189.77 | ERROR | |
r-release-macos-arm64 | 4.0.0 | 79.00 | OK | |||
r-release-windows-x86_64 | 4.0.0 | 14.00 | 231.00 | 245.00 | ERROR | |
r-oldrel-macos-arm64 | 4.0.0 | 84.00 | OK | |||
r-oldrel-macos-x86_64 | 4.0.0 | 196.00 | OK | |||
r-oldrel-windows-x86_64 | 4.0.0 | 18.00 | 252.00 | 270.00 | ERROR |
Version: 4.0.0
Check: dependencies in R code
Result: WARN
Missing or unexported object: ‘biomod2::BIOMOD_ModelingOptions’
Flavors: r-devel-linux-x86_64-debian-clang, r-devel-linux-x86_64-debian-gcc, r-devel-linux-x86_64-fedora-clang, r-devel-linux-x86_64-fedora-gcc, r-devel-windows-x86_64, r-release-linux-x86_64, r-release-windows-x86_64, r-oldrel-windows-x86_64
Version: 4.0.0
Check: Rd cross-references
Result: WARN
Missing link or links in Rd file 'ecospat.CCV.modeling.Rd':
‘[biomod2]{BIOMOD_ModelingOptions}’
Missing link or links in Rd file 'ecospat.ESM.Modeling.Rd':
‘[biomod2]{BIOMOD_ModelingOptions}’
See section 'Cross-references' in the 'Writing R Extensions' manual.
Flavors: r-devel-linux-x86_64-debian-clang, r-devel-linux-x86_64-debian-gcc, r-devel-linux-x86_64-fedora-clang, r-devel-linux-x86_64-fedora-gcc, r-devel-windows-x86_64, r-release-linux-x86_64, r-release-windows-x86_64
Version: 4.0.0
Check: re-building of vignette outputs
Result: ERROR
Error(s) in re-building vignettes:
...
--- re-building ‘vignette_ecospat_package.Rmd’ using rmarkdown
Quitting from lines at lines 387-397 [unnamed-chunk-31] (vignette_ecospat_package.Rmd)
Error: processing vignette 'vignette_ecospat_package.Rmd' failed with diagnostics:
'bm_DefaultModelingOptions' is not an exported object from 'namespace:biomod2'
--- failed re-building ‘vignette_ecospat_package.Rmd’
SUMMARY: processing the following file failed:
‘vignette_ecospat_package.Rmd’
Error: Vignette re-building failed.
Execution halted
Flavors: r-devel-linux-x86_64-debian-clang, r-devel-linux-x86_64-debian-gcc, r-release-linux-x86_64
Version: 4.0.0
Check: re-building of vignette outputs
Result: ERROR
Error(s) in re-building vignettes:
--- re-building ‘vignette_ecospat_package.Rmd’ using rmarkdown
Quitting from lines at lines 387-397 [unnamed-chunk-31] (vignette_ecospat_package.Rmd)
Error: processing vignette 'vignette_ecospat_package.Rmd' failed with diagnostics:
'bm_DefaultModelingOptions' is not an exported object from 'namespace:biomod2'
--- failed re-building ‘vignette_ecospat_package.Rmd’
SUMMARY: processing the following file failed:
‘vignette_ecospat_package.Rmd’
Error: Vignette re-building failed.
Execution halted
Flavors: r-devel-linux-x86_64-fedora-clang, r-devel-linux-x86_64-fedora-gcc, r-devel-windows-x86_64, r-release-windows-x86_64, r-oldrel-windows-x86_64
Version: 4.0.0
Check: Rd cross-references
Result: WARN
Missing link or links in documentation object 'ecospat.CCV.modeling.Rd':
'[biomod2]{BIOMOD_ModelingOptions}'
Missing link or links in documentation object 'ecospat.ESM.Modeling.Rd':
'[biomod2]{BIOMOD_ModelingOptions}'
See section 'Cross-references' in the 'Writing R Extensions' manual.
Flavor: r-oldrel-windows-x86_64