Last updated on 2024-05-04 13:49:04 CEST.
Flavor | Version | Tinstall | Tcheck | Ttotal | Status | Flags |
---|---|---|---|---|---|---|
r-devel-linux-x86_64-debian-clang | 0.3.1 | 42.61 | 344.65 | 387.26 | NOTE | |
r-devel-linux-x86_64-debian-gcc | 0.3.1 | 31.71 | 245.21 | 276.92 | NOTE | |
r-devel-linux-x86_64-fedora-clang | 0.3.1 | 462.20 | NOTE | |||
r-devel-linux-x86_64-fedora-gcc | 0.3.1 | 426.74 | NOTE | |||
r-devel-windows-x86_64 | 0.3.1 | 29.00 | 200.00 | 229.00 | NOTE | |
r-patched-linux-x86_64 | 0.3.1 | 34.00 | 326.03 | 360.03 | NOTE | |
r-release-linux-x86_64 | 0.3.1 | 24.15 | 324.69 | 348.84 | NOTE | |
r-release-macos-arm64 | 0.3.1 | 106.00 | NOTE | |||
r-release-windows-x86_64 | 0.3.1 | 28.00 | 199.00 | 227.00 | NOTE | |
r-oldrel-macos-arm64 | 0.3.1 | 129.00 | OK | |||
r-oldrel-macos-x86_64 | 0.3.1 | 214.00 | OK | |||
r-oldrel-windows-x86_64 | 0.3.1 | 40.00 | 271.00 | 311.00 | OK |
Version: 0.3.1
Check: Rd files
Result: NOTE
checkRd: (-1) sd_map.Rd:33-34: Lost braces
33 | the map. \itemize{ \item{\code{elem} {displays elementary and unified
| ^
checkRd: (-1) sd_map.Rd:34: Lost braces; missing escapes or markup?
34 | districts}} \item{\code{secon} {displays secondary and unified districts}}}
| ^
Flavors: r-devel-linux-x86_64-debian-clang, r-devel-linux-x86_64-debian-gcc, r-devel-linux-x86_64-fedora-clang, r-devel-linux-x86_64-fedora-gcc, r-devel-windows-x86_64, r-patched-linux-x86_64, r-release-linux-x86_64, r-release-macos-arm64, r-release-windows-x86_64