Last updated on 2024-05-04 09:49:33 CEST.
Flavor | Version | Tinstall | Tcheck | Ttotal | Status | Flags |
---|---|---|---|---|---|---|
r-devel-linux-x86_64-debian-clang | 0.9.4 | 22.59 | 195.39 | 217.98 | OK | |
r-devel-linux-x86_64-debian-gcc | 0.9.4 | 14.88 | 145.26 | 160.14 | OK | |
r-devel-linux-x86_64-fedora-clang | 0.9.4 | 281.20 | NOTE | |||
r-devel-linux-x86_64-fedora-gcc | 0.9.4 | 269.01 | OK | |||
r-devel-windows-x86_64 | 0.9.4 | 22.00 | 154.00 | 176.00 | OK | |
r-patched-linux-x86_64 | 0.9.4 | 24.98 | 191.64 | 216.62 | OK | |
r-release-linux-x86_64 | 0.9.4 | 12.76 | 186.65 | 199.41 | OK | |
r-release-macos-arm64 | 0.9.4 | 77.00 | OK | |||
r-release-windows-x86_64 | 0.9.4 | 20.00 | 153.00 | 173.00 | OK | |
r-oldrel-macos-arm64 | 0.9.4 | 83.00 | OK | |||
r-oldrel-macos-x86_64 | 0.9.4 | 159.00 | OK | |||
r-oldrel-windows-x86_64 | 0.9.4 | 24.00 | 193.00 | 217.00 | OK |
Version: 0.9.4
Check: Rd cross-references
Result: NOTE
Undeclared package ‘magrittr’ in Rd xrefs
Flavor: r-devel-linux-x86_64-fedora-clang