Last updated on 2024-05-04 09:49:33 CEST.
Flavor | Version | Tinstall | Tcheck | Ttotal | Status | Flags |
---|---|---|---|---|---|---|
r-devel-linux-x86_64-debian-clang | 1.0.13 | 5.75 | 74.42 | 80.17 | NOTE | |
r-devel-linux-x86_64-debian-gcc | 1.0.13 | 5.98 | 56.16 | 62.14 | NOTE | |
r-devel-linux-x86_64-fedora-clang | 1.0.13 | 104.56 | NOTE | |||
r-devel-linux-x86_64-fedora-gcc | 1.0.13 | 97.90 | NOTE | |||
r-devel-windows-x86_64 | 1.0.13 | 9.00 | 74.00 | 83.00 | NOTE | |
r-patched-linux-x86_64 | 1.0.13 | 13.54 | 69.89 | 83.43 | NOTE | |
r-release-linux-x86_64 | 1.0.13 | 7.54 | 71.46 | 79.00 | NOTE | |
r-release-macos-arm64 | 1.0.13 | 32.00 | NOTE | |||
r-release-windows-x86_64 | 1.0.13 | 8.00 | 73.00 | 81.00 | NOTE | |
r-oldrel-macos-arm64 | 1.0.13 | 35.00 | OK | |||
r-oldrel-macos-x86_64 | 1.0.13 | 45.00 | OK | |||
r-oldrel-windows-x86_64 | 1.0.13 | 11.00 | 86.00 | 97.00 | OK |
Version: 1.0.13
Check: Rd files
Result: NOTE
checkRd: (-1) allpairs.egcm.Rd:31: Lost braces in \itemize; \value handles \item{}{} directly
checkRd: (-1) allpairs.egcm.Rd:32: Lost braces in \itemize; \value handles \item{}{} directly
checkRd: (-1) allpairs.egcm.Rd:33-34: Lost braces in \itemize; \value handles \item{}{} directly
checkRd: (-1) allpairs.egcm.Rd:35-36: Lost braces in \itemize; \value handles \item{}{} directly
checkRd: (-1) allpairs.egcm.Rd:37-38: Lost braces in \itemize; \value handles \item{}{} directly
checkRd: (-1) allpairs.egcm.Rd:39: Lost braces in \itemize; \value handles \item{}{} directly
checkRd: (-1) allpairs.egcm.Rd:40: Lost braces in \itemize; \value handles \item{}{} directly
checkRd: (-1) allpairs.egcm.Rd:41: Lost braces in \itemize; \value handles \item{}{} directly
checkRd: (-1) allpairs.egcm.Rd:42: Lost braces in \itemize; \value handles \item{}{} directly
checkRd: (-1) allpairs.egcm.Rd:43: Lost braces in \itemize; \value handles \item{}{} directly
checkRd: (-1) allpairs.egcm.Rd:44: Lost braces in \itemize; \value handles \item{}{} directly
checkRd: (-1) allpairs.egcm.Rd:45: Lost braces in \itemize; \value handles \item{}{} directly
checkRd: (-1) allpairs.egcm.Rd:46: Lost braces in \itemize; \value handles \item{}{} directly
checkRd: (-1) allpairs.egcm.Rd:47: Lost braces in \itemize; \value handles \item{}{} directly
checkRd: (-1) allpairs.egcm.Rd:48: Lost braces in \itemize; \value handles \item{}{} directly
checkRd: (-1) allpairs.egcm.Rd:49-50: Lost braces in \itemize; \value handles \item{}{} directly
checkRd: (-1) allpairs.egcm.Rd:51: Lost braces in \itemize; \value handles \item{}{} directly
checkRd: (-1) allpairs.egcm.Rd:52-53: Lost braces in \itemize; \value handles \item{}{} directly
checkRd: (-1) allpairs.egcm.Rd:54: Lost braces in \itemize; \value handles \item{}{} directly
checkRd: (-1) allpairs.egcm.Rd:55: Lost braces in \itemize; \value handles \item{}{} directly
checkRd: (-1) allpairs.egcm.Rd:56: Lost braces in \itemize; \value handles \item{}{} directly
checkRd: (-1) allpairs.egcm.Rd:57: Lost braces in \itemize; \value handles \item{}{} directly
checkRd: (-1) allpairs.egcm.Rd:58: Lost braces in \itemize; \value handles \item{}{} directly
checkRd: (-1) allpairs.egcm.Rd:59: Lost braces in \itemize; \value handles \item{}{} directly
Flavors: r-devel-linux-x86_64-debian-clang, r-devel-linux-x86_64-debian-gcc, r-devel-linux-x86_64-fedora-clang, r-devel-linux-x86_64-fedora-gcc, r-devel-windows-x86_64, r-patched-linux-x86_64, r-release-linux-x86_64, r-release-macos-arm64, r-release-windows-x86_64