Last updated on 2024-05-04 13:49:04 CEST.
Flavor | Version | Tinstall | Tcheck | Ttotal | Status | Flags |
---|---|---|---|---|---|---|
r-devel-linux-x86_64-debian-clang | 2.0.0 | 91.87 | 105.98 | 197.85 | OK | |
r-devel-linux-x86_64-debian-gcc | 2.0.0 | 71.78 | 72.99 | 144.77 | OK | |
r-devel-linux-x86_64-fedora-clang | 2.0.0 | 262.61 | OK | |||
r-devel-linux-x86_64-fedora-gcc | 2.0.0 | 263.06 | OK | |||
r-devel-windows-x86_64 | 2.0.0 | 71.00 | 122.00 | 193.00 | OK | |
r-patched-linux-x86_64 | 2.0.0 | 82.70 | 93.82 | 176.52 | OK | |
r-release-linux-x86_64 | 2.0.0 | 68.64 | 95.02 | 163.66 | OK | |
r-release-macos-arm64 | 2.0.0 | 52.00 | NOTE | |||
r-release-windows-x86_64 | 2.0.0 | 72.00 | 117.00 | 189.00 | OK | |
r-oldrel-macos-arm64 | 2.0.0 | 66.00 | NOTE | |||
r-oldrel-macos-x86_64 | 2.0.0 | 115.00 | NOTE | |||
r-oldrel-windows-x86_64 | 2.0.0 | 88.00 | 145.00 | 233.00 | OK |
Version: 2.0.0
Check: installed package size
Result: NOTE
installed size is 9.1Mb
sub-directories of 1Mb or more:
libs 9.0Mb
Flavors: r-release-macos-arm64, r-oldrel-macos-arm64, r-oldrel-macos-x86_64