Last updated on 2024-05-04 13:49:04 CEST.
Flavor | Version | Tinstall | Tcheck | Ttotal | Status | Flags |
---|---|---|---|---|---|---|
r-devel-linux-x86_64-debian-clang | 0.9.0 | 165.31 | 33.54 | 198.85 | OK | |
r-devel-linux-x86_64-debian-gcc | 0.9.0 | 129.43 | 34.04 | 163.47 | OK | |
r-devel-linux-x86_64-fedora-clang | 0.9.0 | 257.28 | OK | |||
r-devel-linux-x86_64-fedora-gcc | 0.9.0 | 162.52 | OK | |||
r-devel-windows-x86_64 | 0.9.0 | 114.00 | 78.00 | 192.00 | OK | |
r-patched-linux-x86_64 | 0.9.0 | 150.14 | 42.05 | 192.19 | OK | |
r-release-linux-x86_64 | 0.9.0 | 157.68 | 42.41 | 200.09 | OK | |
r-release-macos-arm64 | 0.9.0 | 59.00 | NOTE | |||
r-release-macos-x86_64 | 0.9.0 | 81.00 | NOTE | |||
r-release-windows-x86_64 | 0.9.0 | 110.00 | 76.00 | 186.00 | OK | |
r-oldrel-macos-arm64 | 0.9.0 | 62.00 | NOTE | |||
r-oldrel-macos-x86_64 | 0.9.0 | 82.00 | NOTE | |||
r-oldrel-windows-x86_64 | 0.9.0 | 137.00 | 88.00 | 225.00 | OK |
Version: 0.9.0
Check: installed package size
Result: NOTE
installed size is 39.2Mb
sub-directories of 1Mb or more:
libs 39.1Mb
Flavors: r-release-macos-arm64, r-release-macos-x86_64, r-oldrel-macos-arm64, r-oldrel-macos-x86_64