Last updated on 2024-05-04 13:49:05 CEST.
Flavor | Version | Tinstall | Tcheck | Ttotal | Status | Flags |
---|---|---|---|---|---|---|
r-devel-linux-x86_64-debian-clang | 0.7.1 | 7.14 | 77.13 | 84.27 | NOTE | |
r-devel-linux-x86_64-debian-gcc | 0.7.1 | 4.21 | 71.74 | 75.95 | OK | |
r-devel-linux-x86_64-fedora-clang | 0.7.1 | 139.72 | OK | |||
r-devel-linux-x86_64-fedora-gcc | 0.7.1 | 134.99 | OK | |||
r-devel-windows-x86_64 | 0.7.1 | 8.00 | 114.00 | 122.00 | OK | |
r-patched-linux-x86_64 | 0.7.1 | 7.75 | 95.02 | 102.77 | OK | |
r-release-linux-x86_64 | 0.7.1 | 5.16 | 91.76 | 96.92 | OK | |
r-release-macos-arm64 | 0.7.1 | 49.00 | OK | |||
r-release-macos-x86_64 | 0.7.1 | 80.00 | OK | |||
r-release-windows-x86_64 | 0.7.1 | 8.00 | 119.00 | 127.00 | OK | |
r-oldrel-macos-arm64 | 0.7.1 | 38.00 | NOTE | |||
r-oldrel-macos-x86_64 | 0.7.1 | 38.00 | NOTE | |||
r-oldrel-windows-x86_64 | 0.7.1 | 10.00 | 136.00 | 146.00 | OK |
Version: 0.7.1
Check: package dependencies
Result: NOTE
Packages suggested but not available for checking: 'xcms', 'MSnbase'
Flavors: r-devel-linux-x86_64-debian-clang, r-oldrel-macos-arm64, r-oldrel-macos-x86_64