Last updated on 2024-05-02 13:49:55 CEST.
Flavor | Version | Tinstall | Tcheck | Ttotal | Status | Flags |
---|---|---|---|---|---|---|
r-devel-linux-x86_64-debian-clang | 0.7.3 | 3.38 | 45.44 | 48.82 | NOTE | |
r-devel-linux-x86_64-debian-gcc | 0.7.3 | 3.26 | 32.84 | 36.10 | NOTE | |
r-devel-linux-x86_64-fedora-clang | 0.7.3 | 60.42 | NOTE | |||
r-devel-linux-x86_64-fedora-gcc | 0.7.3 | 55.67 | NOTE | |||
r-devel-windows-x86_64 | 0.7.3 | 4.00 | 58.00 | 62.00 | OK | |
r-patched-linux-x86_64 | 0.7.3 | 3.67 | 42.16 | 45.83 | NOTE | |
r-release-linux-x86_64 | 0.7.3 | 4.33 | 41.49 | 45.82 | NOTE | |
r-release-macos-arm64 | 0.7.3 | 21.00 | OK | |||
r-release-windows-x86_64 | 0.7.3 | 4.00 | 57.00 | 61.00 | OK | |
r-oldrel-macos-arm64 | 0.7.3 | 22.00 | OK | |||
r-oldrel-macos-x86_64 | 0.7.3 | 35.00 | OK | |||
r-oldrel-windows-x86_64 | 0.7.3 | 4.00 | 63.00 | 67.00 | OK |
Version: 0.7.3
Check: for non-standard things in the check directory
Result: NOTE
Found the following files/directories:
‘Net1-fromR.inp’
Flavors: r-devel-linux-x86_64-debian-clang, r-devel-linux-x86_64-debian-gcc, r-devel-linux-x86_64-fedora-clang, r-devel-linux-x86_64-fedora-gcc, r-patched-linux-x86_64, r-release-linux-x86_64