Last updated on 2024-05-04 09:49:34 CEST.
Flavor | Version | Tinstall | Tcheck | Ttotal | Status | Flags |
---|---|---|---|---|---|---|
r-devel-linux-x86_64-debian-clang | 3.5.0.2 | 15.85 | 139.60 | 155.45 | NOTE | |
r-devel-linux-x86_64-debian-gcc | 3.5.0.2 | 13.87 | 96.33 | 110.20 | NOTE | |
r-devel-linux-x86_64-fedora-clang | 3.5.0.2 | 196.15 | NOTE | |||
r-devel-linux-x86_64-fedora-gcc | 3.5.0.2 | 179.40 | NOTE | |||
r-devel-windows-x86_64 | 3.5.0.2 | 16.00 | 124.00 | 140.00 | NOTE | |
r-patched-linux-x86_64 | 3.5.0.2 | 18.15 | 128.93 | 147.08 | NOTE | |
r-release-linux-x86_64 | 3.5.0.2 | 18.59 | 129.72 | 148.31 | NOTE | |
r-release-macos-arm64 | 3.5.0.2 | 50.00 | NOTE | |||
r-release-windows-x86_64 | 3.5.0.2 | 15.00 | 124.00 | 139.00 | NOTE | |
r-oldrel-macos-arm64 | 3.5.0.2 | 53.00 | NOTE | |||
r-oldrel-macos-x86_64 | 3.5.0.2 | 91.00 | NOTE | |||
r-oldrel-windows-x86_64 | 3.5.0.2 | 22.00 | 148.00 | 170.00 | NOTE |
Version: 3.5.0.2
Check: Rd files
Result: NOTE
checkRd: (-1) risk.display.rd:98: Escaped LaTeX specials: \$
Flavors: r-devel-linux-x86_64-debian-clang, r-devel-linux-x86_64-debian-gcc, r-devel-linux-x86_64-fedora-clang, r-devel-linux-x86_64-fedora-gcc, r-devel-windows-x86_64, r-patched-linux-x86_64, r-release-linux-x86_64, r-release-macos-arm64, r-release-windows-x86_64, r-oldrel-macos-arm64, r-oldrel-macos-x86_64, r-oldrel-windows-x86_64