Last updated on 2024-05-04 13:49:05 CEST.
Flavor | Version | Tinstall | Tcheck | Ttotal | Status | Flags |
---|---|---|---|---|---|---|
r-devel-linux-x86_64-debian-clang | 0.0.1 | 2.48 | 30.63 | 33.11 | NOTE | |
r-devel-linux-x86_64-debian-gcc | 0.0.1 | 2.04 | 23.32 | 25.36 | NOTE | |
r-devel-linux-x86_64-fedora-clang | 0.0.1 | 43.92 | NOTE | |||
r-devel-linux-x86_64-fedora-gcc | 0.0.1 | 54.86 | NOTE | |||
r-devel-windows-x86_64 | 0.0.1 | 3.00 | 48.00 | 51.00 | NOTE | |
r-patched-linux-x86_64 | 0.0.1 | 2.31 | 28.65 | 30.96 | NOTE | |
r-release-linux-x86_64 | 0.0.1 | 1.82 | 29.01 | 30.83 | NOTE | |
r-release-macos-arm64 | 0.0.1 | 25.00 | NOTE | |||
r-release-windows-x86_64 | 0.0.1 | 3.00 | 46.00 | 49.00 | NOTE | |
r-oldrel-macos-arm64 | 0.0.1 | 25.00 | NOTE | |||
r-oldrel-macos-x86_64 | 0.0.1 | 35.00 | NOTE | |||
r-oldrel-windows-x86_64 | 0.0.1 | 3.00 | 46.00 | 49.00 | NOTE |
Version: 0.0.1
Check: LazyData
Result: NOTE
'LazyData' is specified without a 'data' directory
Flavors: r-devel-linux-x86_64-debian-clang, r-devel-linux-x86_64-debian-gcc, r-devel-linux-x86_64-fedora-clang, r-devel-linux-x86_64-fedora-gcc, r-devel-windows-x86_64, r-patched-linux-x86_64, r-release-linux-x86_64, r-release-macos-arm64, r-release-windows-x86_64, r-oldrel-macos-arm64, r-oldrel-macos-x86_64, r-oldrel-windows-x86_64
Version: 0.0.1
Check: for non-standard things in the check directory
Result: NOTE
Found the following files/directories:
‘episcan_1geno_cc.txt’ ‘episcan_1geno_quant.txt’
‘episcan_2geno_cc.txt’ ‘episcan_2geno_quant.txt’
Flavors: r-devel-linux-x86_64-debian-clang, r-devel-linux-x86_64-debian-gcc, r-devel-linux-x86_64-fedora-clang, r-devel-linux-x86_64-fedora-gcc, r-patched-linux-x86_64, r-release-linux-x86_64